CRAN Package Check Results for Package tbrf

Last updated on 2024-06-18 11:54:59 CEST.

Flavor Version Tinstall Tcheck Ttotal Status Flags
r-devel-linux-x86_64-debian-clang 0.1.5 5.34 180.02 185.36 NOTE
r-devel-linux-x86_64-debian-gcc 0.1.5 4.95 126.82 131.77 NOTE
r-devel-linux-x86_64-fedora-clang 0.1.5 223.71 NOTE
r-devel-linux-x86_64-fedora-gcc 0.1.5 234.78 NOTE
r-devel-windows-x86_64 0.1.5 7.00 130.00 137.00 NOTE
r-patched-linux-x86_64 0.1.5 7.72 166.35 174.07 NOTE
r-release-linux-x86_64 0.1.5 4.24 172.42 176.66 NOTE
r-release-macos-arm64 0.1.5 62.00 NOTE
r-release-macos-x86_64 0.1.5 97.00 NOTE
r-release-windows-x86_64 0.1.5 7.00 139.00 146.00 NOTE
r-oldrel-macos-arm64 0.1.5 66.00 OK
r-oldrel-macos-x86_64 0.1.5 114.00 OK
r-oldrel-windows-x86_64 0.1.5 10.00 169.00 179.00 OK

Check Details

Version: 0.1.5
Check: Rd files
Result: NOTE checkRd: (-1) mean_ci.Rd:24: Lost braces 24 | \item{na.rm}{logical code{TRUE/FALSE}. Remove NAs from the dataset. Defaults | ^ checkRd: (-1) median_ci.Rd:24: Lost braces 24 | \item{na.rm}{logical code{TRUE/FALSE}. Remove NAs from the dataset. Defaults | ^ Flavors: r-devel-linux-x86_64-debian-clang, r-devel-linux-x86_64-debian-gcc, r-devel-linux-x86_64-fedora-clang, r-devel-linux-x86_64-fedora-gcc, r-devel-windows-x86_64, r-patched-linux-x86_64, r-release-linux-x86_64, r-release-macos-arm64, r-release-macos-x86_64, r-release-windows-x86_64