Last updated on 2023-12-08 12:52:33 CET.
Flavor | Version | Tinstall | Tcheck | Ttotal | Status | Flags |
---|---|---|---|---|---|---|
r-devel-linux-x86_64-debian-clang | 0.1.5 | 7.30 | 171.58 | 178.88 | NOTE | |
r-devel-linux-x86_64-debian-gcc | 0.1.5 | 5.57 | 126.41 | 131.98 | NOTE | |
r-devel-linux-x86_64-fedora-clang | 0.1.5 | 218.96 | OK | |||
r-devel-linux-x86_64-fedora-gcc | 0.1.5 | 223.07 | OK | |||
r-devel-windows-x86_64 | 0.1.5 | 7.00 | 135.00 | 142.00 | OK | |
r-patched-linux-x86_64 | 0.1.5 | 4.68 | 171.71 | 176.39 | OK | |
r-release-linux-x86_64 | 0.1.5 | 4.15 | 167.58 | 171.73 | OK | |
r-release-macos-arm64 | 0.1.5 | 66.00 | OK | |||
r-release-macos-x86_64 | 0.1.5 | 114.00 | OK | |||
r-release-windows-x86_64 | 0.1.5 | 8.00 | 174.00 | 182.00 | OK | |
r-oldrel-macos-arm64 | 0.1.5 | 55.00 | OK | |||
r-oldrel-macos-x86_64 | 0.1.5 | 93.00 | OK | |||
r-oldrel-windows-x86_64 | 0.1.5 | 8.00 | 168.00 | 176.00 | OK |
Version: 0.1.5
Check: Rd files
Result: NOTE
checkRd: (-1) mean_ci.Rd:24: Lost braces
24 | \item{na.rm}{logical code{TRUE/FALSE}. Remove NAs from the dataset. Defaults
| ^
checkRd: (-1) median_ci.Rd:24: Lost braces
24 | \item{na.rm}{logical code{TRUE/FALSE}. Remove NAs from the dataset. Defaults
| ^
Flavors: r-devel-linux-x86_64-debian-clang, r-devel-linux-x86_64-debian-gcc