CRAN Package Check Results for Package taylor

Last updated on 2022-09-28 06:54:21 CEST.

Flavor Version Tinstall Tcheck Ttotal Status Flags
r-devel-linux-x86_64-debian-clang 1.0.0 6.50 73.72 80.22 OK
r-devel-linux-x86_64-debian-gcc 1.0.0 5.68 55.38 61.06 OK
r-devel-linux-x86_64-fedora-clang 1.0.0 111.80 NOTE
r-devel-linux-x86_64-fedora-gcc 1.0.0 102.76 NOTE
r-devel-windows-x86_64 1.0.0 79.00 103.00 182.00 OK
r-patched-linux-x86_64 1.0.0 6.22 69.39 75.61 OK
r-release-linux-x86_64 1.0.0 7.45 70.07 77.52 OK
r-release-macos-arm64 1.0.0 29.00 NOTE
r-release-macos-x86_64 1.0.0 60.00 NOTE
r-release-windows-x86_64 1.0.0 118.00 98.00 216.00 OK
r-oldrel-macos-arm64 1.0.0 29.00 NOTE
r-oldrel-macos-x86_64 1.0.0 42.00 NOTE
r-oldrel-windows-ix86+x86_64 1.0.0 17.00 95.00 112.00 OK

Check Details

Version: 1.0.0
Check: data for non-ASCII characters
Result: NOTE
     Note: found 50 marked UTF-8 strings
Flavors: r-devel-linux-x86_64-fedora-clang, r-devel-linux-x86_64-fedora-gcc, r-release-macos-arm64, r-release-macos-x86_64, r-oldrel-macos-arm64, r-oldrel-macos-x86_64