Last updated on 2023-04-01 07:10:53 CEST.
Flavor | Version | Tinstall | Tcheck | Ttotal | Status | Flags |
---|---|---|---|---|---|---|
r-devel-linux-x86_64-debian-clang | 0.10.2 | 5.16 | 94.78 | 99.94 | OK | |
r-devel-linux-x86_64-debian-gcc | 0.10.2 | 3.64 | 72.08 | 75.72 | OK | |
r-devel-linux-x86_64-fedora-clang | 0.10.2 | 119.50 | OK | |||
r-devel-linux-x86_64-fedora-gcc | 0.10.2 | 138.78 | OK | |||
r-patched-linux-x86_64 | 0.10.2 | 3.69 | 89.54 | 93.23 | OK | |
r-release-linux-x86_64 | 0.10.2 | 4.23 | 89.33 | 93.56 | OK | |
r-release-macos-arm64 | 0.10.2 | 49.00 | OK | |||
r-release-macos-x86_64 | 0.10.2 | 65.00 | OK | |||
r-release-windows-x86_64 | 0.10.2 | 28.00 | 181.00 | 209.00 | OK | |
r-oldrel-macos-arm64 | 0.10.2 | 47.00 | OK | |||
r-oldrel-macos-x86_64 | 0.10.2 | 68.00 | OK | |||
r-oldrel-windows-ix86+x86_64 | 0.10.2 | 13.00 | 227.00 | 240.00 | NOTE |
Version: 0.10.2
Check: dependencies in R code
Result: NOTE
Initiating curl with CURL_SSL_BACKEND: openssl
Flavor: r-oldrel-windows-ix86+x86_64