Last updated on 2023-04-01 21:54:23 CEST.
Flavor | Version | Tinstall | Tcheck | Ttotal | Status | Flags |
---|---|---|---|---|---|---|
r-devel-linux-x86_64-debian-clang | 0.2.4 | 9.74 | 79.16 | 88.90 | OK | |
r-devel-linux-x86_64-debian-gcc | 0.2.4 | 8.45 | 60.42 | 68.87 | OK | |
r-devel-linux-x86_64-fedora-clang | 0.2.4 | 115.81 | NOTE | |||
r-devel-linux-x86_64-fedora-gcc | 0.2.4 | 118.19 | NOTE | |||
r-patched-linux-x86_64 | 0.2.4 | 18.28 | 76.05 | 94.33 | OK | |
r-release-linux-x86_64 | 0.2.4 | 7.09 | 76.79 | 83.88 | OK | |
r-release-macos-arm64 | 0.2.4 | 29.00 | OK | |||
r-release-macos-x86_64 | 0.2.4 | 49.00 | OK | |||
r-release-windows-x86_64 | 0.2.4 | 34.00 | 127.00 | 161.00 | OK | |
r-oldrel-macos-arm64 | 0.2.4 | 9.00 | ERROR | |||
r-oldrel-macos-x86_64 | 0.2.4 | 12.00 | ERROR | |||
r-oldrel-windows-ix86+x86_64 | 0.2.4 | 4.00 | 19.00 | 23.00 | ERROR |
Version: 0.2.4
Check: data for non-ASCII characters
Result: NOTE
Note: found 137 marked UTF-8 strings
Flavors: r-devel-linux-x86_64-fedora-clang, r-devel-linux-x86_64-fedora-gcc
Version: 0.2.4
Check: package dependencies
Result: ERROR
Package required and available but unsuitable version: ‘biblio’
See section ‘The DESCRIPTION file’ in the ‘Writing R Extensions’
manual.
Flavors: r-oldrel-macos-arm64, r-oldrel-macos-x86_64, r-oldrel-windows-ix86+x86_64