Last updated on 2025-02-22 21:51:40 CET.
Flavor | Version | Tinstall | Tcheck | Ttotal | Status | Flags |
---|---|---|---|---|---|---|
r-devel-linux-x86_64-debian-clang | 0.2.0 | 2.45 | 26.50 | 28.95 | NOTE | |
r-devel-linux-x86_64-debian-gcc | 0.2.0 | 1.76 | 20.92 | 22.68 | NOTE | |
r-devel-linux-x86_64-fedora-clang | 0.2.0 | 51.62 | NOTE | |||
r-devel-linux-x86_64-fedora-gcc | 0.2.0 | 64.18 | NOTE | |||
r-devel-macos-arm64 | 0.2.0 | 28.00 | OK | |||
r-devel-macos-x86_64 | 0.2.0 | 42.00 | NOTE | |||
r-devel-windows-x86_64 | 0.2.0 | 4.00 | 55.00 | 59.00 | NOTE | |
r-patched-linux-x86_64 | 0.2.0 | 2.38 | 25.34 | 27.72 | OK | |
r-release-linux-x86_64 | 0.2.0 | 2.01 | 25.47 | 27.48 | OK | |
r-release-macos-arm64 | 0.2.0 | 29.00 | OK | |||
r-release-macos-x86_64 | 0.2.0 | 42.00 | OK | |||
r-release-windows-x86_64 | 0.2.0 | 5.00 | 51.00 | 56.00 | OK | |
r-oldrel-macos-arm64 | 0.2.0 | 31.00 | OK | |||
r-oldrel-macos-x86_64 | 0.2.0 | 46.00 | OK | |||
r-oldrel-windows-x86_64 | 0.2.0 | 6.00 | 51.00 | 57.00 | OK |
Version: 0.2.0
Check: DESCRIPTION meta-information
Result: NOTE
Missing dependency on R >= 4.1.0 because package code uses the pipe
|> or function shorthand \(...) syntax added in R 4.1.0.
File(s) using such syntax:
‘auth0.R’ ‘config.R’ ‘entra_id.R’ ‘google.R’ ‘utils.R’
Flavors: r-devel-linux-x86_64-debian-clang, r-devel-linux-x86_64-debian-gcc, r-devel-linux-x86_64-fedora-clang, r-devel-linux-x86_64-fedora-gcc, r-devel-macos-x86_64, r-devel-windows-x86_64