Last updated on 2024-03-29 04:06:09 CET.
Flavor | Version | Tinstall | Tcheck | Ttotal | Status | Flags |
---|---|---|---|---|---|---|
r-devel-linux-x86_64-debian-clang | 0.2.0 | 7.07 | 67.77 | 74.84 | NOTE | |
r-devel-linux-x86_64-debian-gcc | 0.2.0 | 6.34 | 51.35 | 57.69 | NOTE | |
r-devel-linux-x86_64-fedora-clang | 0.2.0 | 94.35 | NOTE | |||
r-devel-linux-x86_64-fedora-gcc | 0.2.0 | 89.99 | NOTE | |||
r-devel-windows-x86_64 | 0.2.0 | 7.00 | 77.00 | 84.00 | NOTE | |
r-patched-linux-x86_64 | 0.2.0 | 6.60 | 65.63 | 72.23 | NOTE | |
r-release-linux-x86_64 | 0.2.0 | 4.96 | 65.21 | 70.17 | NOTE | |
r-release-macos-arm64 | 0.2.0 | 33.00 | NOTE | |||
r-release-macos-x86_64 | 0.2.0 | 47.00 | NOTE | |||
r-release-windows-x86_64 | 0.2.0 | 10.00 | 88.00 | 98.00 | NOTE | |
r-oldrel-macos-arm64 | 0.2.0 | 31.00 | NOTE | |||
r-oldrel-windows-x86_64 | 0.2.0 | 11.00 | 88.00 | 99.00 | NOTE |
Version: 0.2.0
Check: LazyData
Result: NOTE
'LazyData' is specified without a 'data' directory
Flavors: r-devel-linux-x86_64-debian-clang, r-devel-linux-x86_64-debian-gcc, r-devel-linux-x86_64-fedora-clang, r-devel-linux-x86_64-fedora-gcc, r-devel-windows-x86_64, r-patched-linux-x86_64, r-release-linux-x86_64, r-release-macos-arm64, r-release-macos-x86_64, r-release-windows-x86_64, r-oldrel-macos-arm64, r-oldrel-windows-x86_64
Version: 0.2.0
Check: dependencies in R code
Result: NOTE
Namespaces in Imports field not imported from:
‘MASS’ ‘devEMF’ ‘segmented’ ‘smoother’ ‘tools’
All declared Imports should be used.
Flavors: r-devel-linux-x86_64-fedora-clang, r-devel-linux-x86_64-fedora-gcc, r-oldrel-macos-arm64