Last updated on 2023-03-22 21:58:14 CET.
Flavor | Version | Tinstall | Tcheck | Ttotal | Status | Flags |
---|---|---|---|---|---|---|
r-devel-linux-x86_64-debian-clang | 1.0.0 | 5.31 | 45.53 | 50.84 | NOTE | |
r-devel-linux-x86_64-debian-gcc | 1.0.0 | 4.13 | 33.16 | 37.29 | NOTE | |
r-devel-linux-x86_64-fedora-clang | 1.0.0 | 62.23 | NOTE | |||
r-devel-linux-x86_64-fedora-gcc | 1.0.0 | 57.29 | NOTE | |||
r-patched-linux-x86_64 | 1.0.0 | 4.01 | 44.43 | 48.44 | NOTE | |
r-release-linux-x86_64 | 1.0.0 | 3.55 | 45.09 | 48.64 | NOTE | |
r-release-macos-arm64 | 1.0.0 | 23.00 | NOTE | |||
r-release-macos-x86_64 | 1.0.0 | 40.00 | NOTE | |||
r-release-windows-x86_64 | 1.0.0 | 14.00 | 72.00 | 86.00 | NOTE | |
r-oldrel-macos-arm64 | 1.0.0 | 23.00 | NOTE | |||
r-oldrel-macos-x86_64 | 1.0.0 | 41.00 | NOTE | |||
r-oldrel-windows-ix86+x86_64 | 1.0.0 | 12.00 | 70.00 | 82.00 | NOTE |
Version: 1.0.0
Check: LazyData
Result: NOTE
'LazyData' is specified without a 'data' directory
Flavors: r-devel-linux-x86_64-debian-clang, r-devel-linux-x86_64-debian-gcc, r-devel-linux-x86_64-fedora-clang, r-devel-linux-x86_64-fedora-gcc, r-patched-linux-x86_64, r-release-linux-x86_64, r-release-macos-arm64, r-release-macos-x86_64, r-release-windows-x86_64, r-oldrel-macos-arm64, r-oldrel-macos-x86_64, r-oldrel-windows-ix86+x86_64
Version: 1.0.0
Check: dependencies in R code
Result: NOTE
Namespaces in Imports field not imported from:
‘stringr’ ‘tibble’
All declared Imports should be used.
Flavors: r-devel-linux-x86_64-fedora-clang, r-devel-linux-x86_64-fedora-gcc, r-release-macos-arm64, r-release-macos-x86_64, r-oldrel-macos-arm64, r-oldrel-macos-x86_64