Last updated on 2024-04-20 03:53:23 CEST.
Flavor | Version | Tinstall | Tcheck | Ttotal | Status | Flags |
---|---|---|---|---|---|---|
r-devel-linux-x86_64-debian-clang | 0.1.0 | 4.24 | 63.20 | 67.44 | OK | |
r-devel-linux-x86_64-debian-gcc | 0.1.0 | OK | ||||
r-devel-linux-x86_64-fedora-clang | 0.1.0 | 86.57 | NOTE | |||
r-devel-linux-x86_64-fedora-gcc | 0.1.0 | 95.11 | NOTE | |||
r-prerel-macos-arm64 | 0.1.0 | 34.00 | OK | |||
r-prerel-windows-x86_64 | 0.1.0 | 8.00 | 66.00 | 74.00 | OK | |
r-patched-linux-x86_64 | 0.1.0 | 5.39 | 58.10 | 63.49 | OK | |
r-release-linux-x86_64 | 0.1.0 | 5.65 | 57.45 | 63.10 | OK | |
r-release-macos-arm64 | 0.1.0 | 32.00 | OK | |||
r-release-macos-x86_64 | 0.1.0 | 55.00 | OK | |||
r-release-windows-x86_64 | 0.1.0 | 8.00 | 72.00 | 80.00 | OK | |
r-oldrel-macos-arm64 | 0.1.0 | 29.00 | NOTE | |||
r-oldrel-windows-x86_64 | 0.1.0 | 8.00 | 79.00 | 87.00 | OK |
Version: 0.1.0
Check: data for non-ASCII characters
Result: NOTE
Note: found 81 marked UTF-8 strings
Flavors: r-devel-linux-x86_64-fedora-clang, r-devel-linux-x86_64-fedora-gcc, r-oldrel-macos-arm64