CRAN Package Check Results for Package syuzhet

Last updated on 2022-09-25 12:56:10 CEST.

Flavor Version Tinstall Tcheck Ttotal Status Flags
r-devel-linux-x86_64-debian-clang 1.0.6 12.95 736.69 749.64 NOTE
r-devel-linux-x86_64-debian-gcc 1.0.6 11.95 544.03 555.98 NOTE
r-devel-linux-x86_64-fedora-clang 1.0.6 857.72 NOTE
r-devel-linux-x86_64-fedora-gcc 1.0.6 866.18 NOTE
r-devel-windows-x86_64 1.0.6 24.00 736.00 760.00 NOTE
r-patched-linux-x86_64 1.0.6 11.35 706.26 717.61 NOTE
r-release-linux-x86_64 1.0.6 11.25 710.96 722.21 NOTE
r-release-macos-arm64 1.0.6 133.00 NOTE
r-release-macos-x86_64 1.0.6 452.00 NOTE
r-release-windows-x86_64 1.0.6 23.00 748.00 771.00 NOTE
r-oldrel-macos-arm64 1.0.6 142.00 NOTE
r-oldrel-macos-x86_64 1.0.6 222.00 NOTE
r-oldrel-windows-ix86+x86_64 1.0.6 23.00 791.00 814.00 NOTE

Check Details

Version: 1.0.6
Check: LazyData
Result: NOTE
     'LazyData' is specified without a 'data' directory
Flavors: r-devel-linux-x86_64-debian-clang, r-devel-linux-x86_64-debian-gcc, r-devel-linux-x86_64-fedora-clang, r-devel-linux-x86_64-fedora-gcc, r-devel-windows-x86_64, r-patched-linux-x86_64, r-release-linux-x86_64, r-release-macos-arm64, r-release-macos-x86_64, r-release-windows-x86_64, r-oldrel-macos-arm64, r-oldrel-macos-x86_64, r-oldrel-windows-ix86+x86_64

Version: 1.0.6
Check: installed package size
Result: NOTE
     installed size is 5.3Mb
     sub-directories of 1Mb or more:
     R 1.3Mb
     extdata 3.1Mb
Flavors: r-devel-linux-x86_64-fedora-clang, r-devel-windows-x86_64, r-release-macos-arm64, r-release-macos-x86_64, r-release-windows-x86_64, r-oldrel-macos-arm64, r-oldrel-macos-x86_64, r-oldrel-windows-ix86+x86_64