Last updated on 2025-04-28 21:52:56 CEST.
Flavor | Version | Tinstall | Tcheck | Ttotal | Status | Flags |
---|---|---|---|---|---|---|
r-devel-linux-x86_64-debian-clang | 0.5.0 | 7.65 | 67.07 | 74.72 | OK | |
r-devel-linux-x86_64-debian-gcc | 0.5.0 | 5.80 | 48.38 | 54.18 | NOTE | |
r-devel-linux-x86_64-fedora-clang | 0.5.0 | 119.08 | OK | |||
r-devel-linux-x86_64-fedora-gcc | 0.5.0 | 111.39 | OK | |||
r-devel-windows-x86_64 | 0.5.0 | 9.00 | 94.00 | 103.00 | OK | |
r-patched-linux-x86_64 | 0.5.0 | 7.48 | 65.14 | 72.62 | OK | |
r-release-linux-x86_64 | 0.5.0 | 7.19 | 65.32 | 72.51 | OK | |
r-release-macos-arm64 | 0.5.0 | 38.00 | OK | |||
r-release-macos-x86_64 | 0.5.0 | 64.00 | OK | |||
r-release-windows-x86_64 | 0.5.0 | 9.00 | 87.00 | 96.00 | OK | |
r-oldrel-macos-arm64 | 0.5.0 | 35.00 | OK | |||
r-oldrel-macos-x86_64 | 0.5.0 | 114.00 | OK | |||
r-oldrel-windows-x86_64 | 0.5.0 | 11.00 | 106.00 | 117.00 | OK |
Version: 0.5.0
Check: CRAN incoming feasibility
Result: NOTE
Maintainer: ‘Stéphane Laurent <laurent_step@outlook.fr>’
No Authors@R field in DESCRIPTION.
Please add one, modifying
Authors@R: person(given = "Stéphane",
family = "Laurent",
role = c("aut", "cre"),
email = "laurent_step@outlook.fr")
as necessary.
Flavor: r-devel-linux-x86_64-debian-gcc