CRAN Package Check Results for Package syt

Last updated on 2023-09-23 21:52:59 CEST.

Flavor Version Tinstall Tcheck Ttotal Status Flags
r-devel-linux-x86_64-debian-clang 0.2.0 8.15 75.28 83.43 NOTE
r-devel-linux-x86_64-debian-gcc 0.2.0 7.04 57.83 64.87 NOTE
r-devel-linux-x86_64-fedora-clang 0.2.0 100.58 NOTE
r-devel-linux-x86_64-fedora-gcc 0.2.0 100.39 NOTE
r-devel-windows-x86_64 0.2.0 8.00 82.00 90.00 NOTE
r-patched-linux-x86_64 0.2.0 6.36 73.51 79.87 NOTE
r-release-linux-x86_64 0.2.0 9.20 74.09 83.29 NOTE
r-release-macos-arm64 0.2.0 35.00 NOTE
r-release-macos-x86_64 0.2.0 55.00 NOTE
r-release-windows-x86_64 0.2.0 10.00 87.00 97.00 NOTE
r-oldrel-macos-arm64 0.2.0 32.00 NOTE
r-oldrel-macos-x86_64 0.2.0 44.00 NOTE
r-oldrel-windows-x86_64 0.2.0 11.00 91.00 102.00 NOTE

Check Details

Version: 0.2.0
Check: LazyData
Result: NOTE
     'LazyData' is specified without a 'data' directory
Flavors: r-devel-linux-x86_64-debian-clang, r-devel-linux-x86_64-debian-gcc, r-devel-linux-x86_64-fedora-clang, r-devel-linux-x86_64-fedora-gcc, r-devel-windows-x86_64, r-patched-linux-x86_64, r-release-linux-x86_64, r-release-macos-arm64, r-release-macos-x86_64, r-release-windows-x86_64, r-oldrel-macos-arm64, r-oldrel-macos-x86_64, r-oldrel-windows-x86_64