Last updated on 2024-04-26 12:54:53 CEST.
Flavor | Version | Tinstall | Tcheck | Ttotal | Status | Flags |
---|---|---|---|---|---|---|
r-devel-linux-x86_64-debian-clang | 1.0.6 | 47.64 | 34.49 | 82.13 | NOTE | |
r-devel-linux-x86_64-debian-gcc | 1.0.6 | 36.09 | 26.04 | 62.13 | NOTE | |
r-devel-linux-x86_64-fedora-clang | 1.0.6 | 139.83 | NOTE | |||
r-devel-linux-x86_64-fedora-gcc | 1.0.6 | 135.88 | NOTE | |||
r-devel-windows-x86_64 | 1.0.6 | 50.00 | 75.00 | 125.00 | NOTE | |
r-patched-linux-x86_64 | 1.0.6 | 55.42 | 32.44 | 87.86 | OK | |
r-release-linux-x86_64 | 1.0.6 | 50.63 | 32.15 | 82.78 | OK | |
r-release-macos-arm64 | 1.0.6 | 40.00 | NOTE | |||
r-release-macos-x86_64 | 1.0.6 | 119.00 | NOTE | |||
r-release-windows-x86_64 | 1.0.6 | 53.00 | 74.00 | 127.00 | OK | |
r-oldrel-macos-arm64 | 1.0.6 | 74.00 | NOTE | |||
r-oldrel-macos-x86_64 | 1.0.6 | 123.00 | NOTE | |||
r-oldrel-windows-x86_64 | 1.0.6 | 50.00 | 96.00 | 146.00 | OK |
Version: 1.0.6
Check: compiled code
Result: NOTE
File ‘systemfonts/libs/systemfonts.so’:
Found non-API calls to R: ‘SETLENGTH’, ‘SET_TRUELENGTH’
Compiled code should not call non-API entry points in R.
See ‘Writing portable packages’ in the ‘Writing R Extensions’ manual.
Flavors: r-devel-linux-x86_64-debian-clang, r-devel-linux-x86_64-debian-gcc, r-devel-linux-x86_64-fedora-clang, r-devel-linux-x86_64-fedora-gcc
Version: 1.0.6
Check: compiled code
Result: NOTE
File 'systemfonts/libs/x64/systemfonts.dll':
Found non-API calls to R: 'SETLENGTH', 'SET_TRUELENGTH'
Compiled code should not call non-API entry points in R.
See 'Writing portable packages' in the 'Writing R Extensions' manual.
Flavor: r-devel-windows-x86_64
Version: 1.0.6
Check: installed package size
Result: NOTE
installed size is 22.6Mb
sub-directories of 1Mb or more:
libs 22.4Mb
Flavors: r-release-macos-arm64, r-release-macos-x86_64, r-oldrel-macos-arm64, r-oldrel-macos-x86_64