CRAN Package Check Results for Package systemfit

Last updated on 2021-04-18 06:47:08 CEST.

Flavor Version Tinstall Tcheck Ttotal Status Flags
r-devel-linux-x86_64-debian-clang 1.1-24 14.66 227.32 241.98 OK
r-devel-linux-x86_64-debian-gcc 1.1-24 11.98 166.33 178.31 OK
r-devel-linux-x86_64-fedora-clang 1.1-24 285.43 NOTE
r-devel-linux-x86_64-fedora-gcc 1.1-24 275.93 OK
r-devel-windows-ix86+x86_64 1.1-24 32.00 286.00 318.00 OK
r-devel-windows-x86_64-gcc10-UCRT 1.1-24 OK
r-patched-linux-x86_64 1.1-24 13.57 209.90 223.47 OK
r-patched-solaris-x86 1.1-24 407.00 OK
r-release-linux-x86_64 1.1-24 15.10 209.89 224.99 OK
r-release-macos-x86_64 1.1-24 OK
r-release-windows-ix86+x86_64 1.1-24 29.00 279.00 308.00 OK
r-oldrel-macos-x86_64 1.1-24 OK
r-oldrel-windows-ix86+x86_64 1.1-24 18.00 253.00 271.00 OK

Check Details

Version: 1.1-24
Check: Rd cross-references
Result: NOTE
    Undeclared package ‘Ecdat’ in Rd xrefs
Flavor: r-devel-linux-x86_64-fedora-clang