CRAN Package Check Results for Package syslognet

Last updated on 2025-02-08 12:49:46 CET.

Flavor Version Tinstall Tcheck Ttotal Status Flags
r-devel-linux-x86_64-debian-clang 0.1.2.1 1.43 15.52 16.95 OK
r-devel-linux-x86_64-debian-gcc 0.1.2.1 1.39 13.15 14.54 OK
r-devel-linux-x86_64-fedora-clang 0.1.2.1 27.84 OK
r-devel-linux-x86_64-fedora-gcc 0.1.2.1 26.15 OK
r-devel-windows-x86_64 0.1.2.1 3.00 44.00 47.00 OK
r-patched-linux-x86_64 0.1.2.1 1.49 14.84 16.33 NOTE
r-release-linux-x86_64 0.1.2.1 1.50 15.03 16.53 NOTE
r-release-macos-arm64 0.1.2.1 13.00 NOTE
r-release-macos-x86_64 0.1.2.1 18.00 NOTE
r-release-windows-x86_64 0.1.2.1 2.00 37.00 39.00 NOTE
r-oldrel-macos-arm64 0.1.2.1 16.00 NOTE
r-oldrel-macos-x86_64 0.1.2.1 17.00 NOTE
r-oldrel-windows-x86_64 0.1.2.1 5.00 36.00 41.00 NOTE

Check Details

Version: 0.1.2.1
Check: LazyData
Result: NOTE 'LazyData' is specified without a 'data' directory Flavors: r-patched-linux-x86_64, r-release-linux-x86_64, r-release-macos-arm64, r-release-macos-x86_64, r-release-windows-x86_64, r-oldrel-macos-arm64, r-oldrel-macos-x86_64, r-oldrel-windows-x86_64