Last updated on 2025-02-22 12:50:56 CET.
Flavor | Version | Tinstall | Tcheck | Ttotal | Status | Flags |
---|---|---|---|---|---|---|
r-devel-linux-x86_64-debian-clang | 1.0.4 | 6.81 | 64.01 | 70.82 | NOTE | |
r-devel-linux-x86_64-debian-gcc | 1.0.4 | 5.55 | 44.73 | 50.28 | NOTE | |
r-devel-linux-x86_64-fedora-clang | 1.0.4 | 120.87 | NOTE | |||
r-devel-linux-x86_64-fedora-gcc | 1.0.4 | 111.80 | NOTE | |||
r-devel-macos-arm64 | 1.0.4 | 34.00 | OK | |||
r-devel-macos-x86_64 | 1.0.4 | 71.00 | OK | |||
r-devel-windows-x86_64 | 1.0.4 | 9.00 | 87.00 | 96.00 | OK | |
r-patched-linux-x86_64 | 1.0.4 | 7.09 | 58.70 | 65.79 | NOTE | |
r-release-linux-x86_64 | 1.0.4 | 6.37 | 58.95 | 65.32 | NOTE | |
r-release-macos-arm64 | 1.0.4 | 33.00 | OK | |||
r-release-macos-x86_64 | 1.0.4 | 57.00 | OK | |||
r-release-windows-x86_64 | 1.0.4 | 10.00 | 90.00 | 100.00 | OK | |
r-oldrel-macos-arm64 | 1.0.4 | 36.00 | OK | |||
r-oldrel-macos-x86_64 | 1.0.4 | 52.00 | OK | |||
r-oldrel-windows-x86_64 | 1.0.4 | 11.00 | 103.00 | 114.00 | OK |
Version: 1.0.4
Check: for non-standard things in the check directory
Result: NOTE
Found the following files/directories:
‘test.csv’
Flavors: r-devel-linux-x86_64-debian-clang, r-devel-linux-x86_64-debian-gcc, r-devel-linux-x86_64-fedora-clang, r-devel-linux-x86_64-fedora-gcc, r-patched-linux-x86_64, r-release-linux-x86_64