CRAN Package Check Results for Package sysid

Last updated on 2020-08-08 12:49:19 CEST.

Flavor Version Tinstall Tcheck Ttotal Status Flags
r-devel-linux-x86_64-debian-clang 1.0.4 7.90 63.75 71.65 NOTE
r-devel-linux-x86_64-debian-gcc 1.0.4 6.18 47.10 53.28 NOTE
r-devel-linux-x86_64-fedora-clang 1.0.4 89.74 NOTE
r-devel-linux-x86_64-fedora-gcc 1.0.4 81.36 NOTE
r-devel-windows-ix86+x86_64 1.0.4 21.00 111.00 132.00 OK
r-patched-linux-x86_64 1.0.4 6.45 60.42 66.87 NOTE
r-patched-solaris-x86 1.0.4 122.10 NOTE
r-release-linux-x86_64 1.0.4 7.16 60.87 68.03 NOTE
r-release-macos-x86_64 1.0.4 OK
r-release-windows-ix86+x86_64 1.0.4 25.00 111.00 136.00 OK
r-oldrel-macos-x86_64 1.0.4 OK
r-oldrel-windows-ix86+x86_64 1.0.4 14.00 84.00 98.00 OK

Check Details

Version: 1.0.4
Check: for non-standard things in the check directory
Result: NOTE
    Found the following files/directories:
     'test.csv'
Flavors: r-devel-linux-x86_64-debian-clang, r-devel-linux-x86_64-debian-gcc, r-devel-linux-x86_64-fedora-clang, r-devel-linux-x86_64-fedora-gcc, r-patched-linux-x86_64, r-patched-solaris-x86, r-release-linux-x86_64