Last updated on 2022-08-20 05:50:40 CEST.
Flavor | Version | Tinstall | Tcheck | Ttotal | Status | Flags |
---|---|---|---|---|---|---|
r-devel-linux-x86_64-debian-clang | 3.4 | 2.78 | 25.80 | 28.58 | NOTE | |
r-devel-linux-x86_64-debian-gcc | 3.4 | 2.12 | 20.50 | 22.62 | NOTE | |
r-devel-linux-x86_64-fedora-clang | 3.4 | 47.13 | NOTE | |||
r-devel-linux-x86_64-fedora-gcc | 3.4 | 45.88 | NOTE | |||
r-devel-windows-x86_64 | 3.4 | 15.00 | 83.00 | 98.00 | NOTE | |
r-patched-linux-x86_64 | 3.4 | 2.99 | 25.49 | 28.48 | NOTE | |
r-release-linux-x86_64 | 3.4 | NOTE | ||||
r-release-macos-arm64 | 3.4 | 26.00 | NOTE | |||
r-release-macos-x86_64 | 3.4 | 49.00 | NOTE | |||
r-release-windows-x86_64 | 3.4 | 16.00 | 64.00 | 80.00 | NOTE | |
r-oldrel-macos-arm64 | 3.4 | 29.00 | NOTE | |||
r-oldrel-macos-x86_64 | 3.4 | 39.00 | NOTE | |||
r-oldrel-windows-ix86+x86_64 | 3.4 | 16.00 | 78.00 | 94.00 | NOTE |
Version: 3.4
Check: LazyData
Result: NOTE
'LazyData' is specified without a 'data' directory
Flavors: r-devel-linux-x86_64-debian-clang, r-devel-linux-x86_64-debian-gcc, r-devel-linux-x86_64-fedora-clang, r-devel-linux-x86_64-fedora-gcc, r-devel-windows-x86_64, r-patched-linux-x86_64, r-release-linux-x86_64, r-release-macos-arm64, r-release-macos-x86_64, r-release-windows-x86_64, r-oldrel-macos-arm64, r-oldrel-macos-x86_64, r-oldrel-windows-ix86+x86_64
Version: 3.4
Check: package dependencies
Result: NOTE
Package suggested but not available for checking: 'unix'
Flavors: r-devel-windows-x86_64, r-release-windows-x86_64, r-oldrel-windows-ix86+x86_64