Last updated on 2024-04-23 05:58:30 CEST.
Flavor | Version | Tinstall | Tcheck | Ttotal | Status | Flags |
---|---|---|---|---|---|---|
r-devel-linux-x86_64-debian-clang | 0.1.0 | 13.94 | 29.89 | 43.83 | NOTE | |
r-devel-linux-x86_64-debian-gcc | 0.1.0 | 11.69 | 23.44 | 35.13 | NOTE | |
r-devel-linux-x86_64-fedora-clang | 0.1.0 | 54.70 | NOTE | |||
r-devel-linux-x86_64-fedora-gcc | 0.1.0 | 53.94 | NOTE | |||
r-prerel-macos-arm64 | 0.1.0 | 25.00 | NOTE | |||
r-prerel-windows-x86_64 | 0.1.0 | 14.00 | 45.00 | 59.00 | NOTE | |
r-patched-linux-x86_64 | 0.1.0 | 12.50 | 28.28 | 40.78 | NOTE | |
r-release-linux-x86_64 | 0.1.0 | 12.29 | 28.32 | 40.61 | NOTE | |
r-release-macos-arm64 | 0.1.0 | 23.00 | NOTE | |||
r-release-macos-x86_64 | 0.1.0 | 32.00 | NOTE | |||
r-release-windows-x86_64 | 0.1.0 | 13.00 | 45.00 | 58.00 | NOTE | |
r-oldrel-macos-arm64 | 0.1.0 | 24.00 | NOTE | |||
r-oldrel-windows-x86_64 | 0.1.0 | 17.00 | 49.00 | 66.00 | NOTE |
Version: 0.1.0
Check: LazyData
Result: NOTE
'LazyData' is specified without a 'data' directory
Flavors: r-devel-linux-x86_64-debian-clang, r-devel-linux-x86_64-debian-gcc, r-devel-linux-x86_64-fedora-clang, r-devel-linux-x86_64-fedora-gcc, r-prerel-macos-arm64, r-prerel-windows-x86_64, r-patched-linux-x86_64, r-release-linux-x86_64, r-release-macos-arm64, r-release-macos-x86_64, r-release-windows-x86_64, r-oldrel-macos-arm64, r-oldrel-windows-x86_64