Last updated on 2022-06-28 21:51:34 CEST.
Flavor | Version | Tinstall | Tcheck | Ttotal | Status | Flags |
---|---|---|---|---|---|---|
r-devel-linux-x86_64-debian-clang | 0.1 | 8.96 | 115.62 | 124.58 | NOTE | |
r-devel-linux-x86_64-debian-gcc | 0.1 | 8.09 | 87.26 | 95.35 | NOTE | |
r-devel-linux-x86_64-fedora-clang | 0.1 | 159.85 | NOTE | |||
r-devel-linux-x86_64-fedora-gcc | 0.1 | 161.62 | NOTE | |||
r-devel-windows-x86_64 | 0.1 | 14.00 | 131.00 | 145.00 | NOTE | |
r-patched-linux-x86_64 | 0.1 | 9.51 | 109.72 | 119.23 | NOTE | |
r-release-linux-x86_64 | 0.1 | 11.68 | 112.27 | 123.95 | NOTE | |
r-release-macos-arm64 | 0.1 | 43.00 | NOTE | |||
r-release-macos-x86_64 | 0.1 | 63.00 | NOTE | |||
r-release-windows-x86_64 | 0.1 | 17.00 | 129.00 | 146.00 | NOTE | |
r-oldrel-macos-arm64 | 0.1 | 56.00 | NOTE | |||
r-oldrel-macos-x86_64 | 0.1 | 77.00 | NOTE | |||
r-oldrel-windows-ix86+x86_64 | 0.1 | 27.00 | 131.00 | 158.00 | NOTE |
Version: 0.1
Check: LazyData
Result: NOTE
'LazyData' is specified without a 'data' directory
Flavors: r-devel-linux-x86_64-debian-clang, r-devel-linux-x86_64-debian-gcc, r-devel-linux-x86_64-fedora-clang, r-devel-linux-x86_64-fedora-gcc, r-devel-windows-x86_64, r-patched-linux-x86_64, r-release-linux-x86_64, r-release-macos-arm64, r-release-macos-x86_64, r-release-windows-x86_64, r-oldrel-macos-arm64, r-oldrel-macos-x86_64, r-oldrel-windows-ix86+x86_64