CRAN Package Check Results for Package symSEM

Last updated on 2023-02-06 21:55:01 CET.

Flavor Version Tinstall Tcheck Ttotal Status Flags
r-devel-linux-x86_64-debian-clang 0.1 12.13 117.53 129.66 NOTE
r-devel-linux-x86_64-debian-gcc 0.1 7.99 87.46 95.45 NOTE
r-devel-linux-x86_64-fedora-clang 0.1 156.02 NOTE
r-devel-linux-x86_64-fedora-gcc 0.1 156.28 NOTE
r-devel-windows-x86_64 0.1 17.00 139.00 156.00 NOTE
r-patched-linux-x86_64 0.1 8.42 110.86 119.28 NOTE
r-release-linux-x86_64 0.1 11.90 123.21 135.11 NOTE
r-release-macos-arm64 0.1 43.00 NOTE
r-release-macos-x86_64 0.1 63.00 NOTE
r-release-windows-x86_64 0.1 21.00 147.00 168.00 NOTE
r-oldrel-macos-arm64 0.1 56.00 NOTE
r-oldrel-macos-x86_64 0.1 77.00 NOTE
r-oldrel-windows-ix86+x86_64 0.1 29.00 142.00 171.00 NOTE

Check Details

Version: 0.1
Check: LazyData
Result: NOTE
     'LazyData' is specified without a 'data' directory
Flavors: r-devel-linux-x86_64-debian-clang, r-devel-linux-x86_64-debian-gcc, r-devel-linux-x86_64-fedora-clang, r-devel-linux-x86_64-fedora-gcc, r-devel-windows-x86_64, r-patched-linux-x86_64, r-release-linux-x86_64, r-release-macos-arm64, r-release-macos-x86_64, r-release-windows-x86_64, r-oldrel-macos-arm64, r-oldrel-macos-x86_64, r-oldrel-windows-ix86+x86_64