Last updated on 2025-02-22 12:50:55 CET.
Flavor | Version | Tinstall | Tcheck | Ttotal | Status | Flags |
---|---|---|---|---|---|---|
r-devel-linux-x86_64-debian-clang | 2.4.5 | 5.98 | 49.78 | 55.76 | OK | |
r-devel-linux-x86_64-debian-gcc | 2.4.5 | 4.10 | 36.27 | 40.37 | OK | |
r-devel-linux-x86_64-fedora-clang | 2.4.5 | 95.47 | OK | |||
r-devel-linux-x86_64-fedora-gcc | 2.4.5 | 91.11 | OK | |||
r-devel-macos-arm64 | 2.4.5 | 33.00 | OK | |||
r-devel-macos-x86_64 | 2.4.5 | 58.00 | OK | |||
r-devel-windows-x86_64 | 2.4.5 | 8.00 | 84.00 | 92.00 | OK | |
r-patched-linux-x86_64 | 2.4.5 | 8.10 | 46.24 | 54.34 | NOTE | |
r-release-linux-x86_64 | 2.4.5 | 5.76 | 46.37 | 52.13 | NOTE | |
r-release-macos-arm64 | 2.4.5 | 30.00 | NOTE | |||
r-release-macos-x86_64 | 2.4.5 | 43.00 | NOTE | |||
r-release-windows-x86_64 | 2.4.5 | 10.00 | 83.00 | 93.00 | NOTE | |
r-oldrel-macos-arm64 | 2.4.5 | 31.00 | NOTE | |||
r-oldrel-macos-x86_64 | 2.4.5 | 50.00 | NOTE | |||
r-oldrel-windows-x86_64 | 2.4.5 | 10.00 | 92.00 | 102.00 | NOTE |
Version: 2.4.5
Check: LazyData
Result: NOTE
'LazyData' is specified without a 'data' directory
Flavors: r-patched-linux-x86_64, r-release-linux-x86_64, r-release-macos-arm64, r-release-macos-x86_64, r-release-windows-x86_64, r-oldrel-macos-arm64, r-oldrel-macos-x86_64, r-oldrel-windows-x86_64