CRAN Package Check Results for Package swirl

Last updated on 2022-09-28 21:51:51 CEST.

Flavor Version Tinstall Tcheck Ttotal Status Flags
r-devel-linux-x86_64-debian-clang 2.4.5 7.52 59.31 66.83 NOTE
r-devel-linux-x86_64-debian-gcc 2.4.5 4.88 45.82 50.70 NOTE
r-devel-linux-x86_64-fedora-clang 2.4.5 97.01 NOTE
r-devel-linux-x86_64-fedora-gcc 2.4.5 91.51 NOTE
r-devel-windows-x86_64 2.4.5 34.00 107.00 141.00 NOTE
r-patched-linux-x86_64 2.4.5 6.19 56.59 62.78 NOTE
r-release-linux-x86_64 2.4.5 4.99 56.64 61.63 NOTE
r-release-macos-arm64 2.4.5 27.00 NOTE
r-release-macos-x86_64 2.4.5 47.00 NOTE
r-release-windows-x86_64 2.4.5 36.00 104.00 140.00 NOTE
r-oldrel-macos-arm64 2.4.5 32.00 NOTE
r-oldrel-macos-x86_64 2.4.5 51.00 NOTE
r-oldrel-windows-ix86+x86_64 2.4.5 15.00 86.00 101.00 NOTE

Check Details

Version: 2.4.5
Check: LazyData
Result: NOTE
     'LazyData' is specified without a 'data' directory
Flavors: r-devel-linux-x86_64-debian-clang, r-devel-linux-x86_64-debian-gcc, r-devel-linux-x86_64-fedora-clang, r-devel-linux-x86_64-fedora-gcc, r-devel-windows-x86_64, r-patched-linux-x86_64, r-release-linux-x86_64, r-release-macos-arm64, r-release-macos-x86_64, r-release-windows-x86_64, r-oldrel-macos-arm64, r-oldrel-macos-x86_64, r-oldrel-windows-ix86+x86_64