Last updated on 2025-04-29 06:49:57 CEST.
Flavor | Version | Tinstall | Tcheck | Ttotal | Status | Flags |
---|---|---|---|---|---|---|
r-devel-linux-x86_64-debian-clang | 1.4 | 4.46 | 44.07 | 48.53 | OK | |
r-devel-linux-x86_64-debian-gcc | 1.4 | 3.53 | 32.01 | 35.54 | NOTE | |
r-devel-linux-x86_64-fedora-clang | 1.4 | 80.55 | OK | |||
r-devel-linux-x86_64-fedora-gcc | 1.4 | 72.73 | OK | |||
r-devel-windows-x86_64 | 1.4 | 6.00 | 63.00 | 69.00 | OK | |
r-patched-linux-x86_64 | 1.4 | 4.27 | 42.29 | 46.56 | OK | |
r-release-linux-x86_64 | 1.4 | 4.26 | 42.86 | 47.12 | OK | |
r-release-macos-arm64 | 1.4 | 26.00 | OK | |||
r-release-macos-x86_64 | 1.4 | 46.00 | OK | |||
r-release-windows-x86_64 | 1.4 | 6.00 | 65.00 | 71.00 | OK | |
r-oldrel-macos-arm64 | 1.4 | 26.00 | OK | |||
r-oldrel-macos-x86_64 | 1.4 | 36.00 | OK | |||
r-oldrel-windows-x86_64 | 1.4 | 7.00 | 73.00 | 80.00 | OK |
Version: 1.4
Check: CRAN incoming feasibility
Result: NOTE
Maintainer: ‘Juan Xiong <jxiong@szu.edu.cn>’
No Authors@R field in DESCRIPTION.
Please add one, modifying
Authors@R: c(person(given = "Juan",
family = "Xiong",
role = c("aut", "cre"),
email = "jxiong@szu.edu.cn"),
person(given = c("Grace", "Y."),
family = "Yi",
role = "aut",
email = "yyi@uwaterloo.ca"))
as necessary.
Flavor: r-devel-linux-x86_64-debian-gcc