CRAN Package Check Results for Package sweep

Last updated on 2021-12-06 12:54:03 CET.

Flavor Version Tinstall Tcheck Ttotal Status Flags
r-devel-linux-x86_64-debian-clang 0.2.3 14.63 238.59 253.22 OK
r-devel-linux-x86_64-debian-gcc 0.2.3 12.75 178.33 191.08 OK
r-devel-linux-x86_64-fedora-clang 0.2.3 307.91 NOTE
r-devel-linux-x86_64-fedora-gcc 0.2.3 291.02 NOTE
r-devel-windows-x86_64-new-UL 0.2.3 29.00 293.00 322.00 OK
r-devel-windows-x86_64-new-TK 0.2.3 NOTE
r-devel-windows-x86_64-old 0.2.3 25.00 205.00 230.00 OK
r-patched-linux-x86_64 0.2.3 19.72 227.02 246.74 OK
r-release-linux-x86_64 0.2.3 12.51 238.81 251.32 OK
r-release-macos-arm64 0.2.3 NOTE
r-release-macos-x86_64 0.2.3 NOTE
r-release-windows-ix86+x86_64 0.2.3 36.00 295.00 331.00 OK
r-oldrel-macos-x86_64 0.2.3 NOTE
r-oldrel-windows-ix86+x86_64 0.2.3 38.00 297.00 335.00 OK

Check Details

Version: 0.2.3
Check: dependencies in R code
Result: NOTE
    Namespaces in Imports field not imported from:
     ‘lubridate’ ‘tidyr’
     All declared Imports should be used.
Flavors: r-devel-linux-x86_64-fedora-clang, r-devel-linux-x86_64-fedora-gcc, r-devel-windows-x86_64-new-TK, r-release-macos-arm64, r-release-macos-x86_64, r-oldrel-macos-x86_64