Last updated on 2024-04-19 03:56:38 CEST.
Flavor | Version | Tinstall | Tcheck | Ttotal | Status | Flags |
---|---|---|---|---|---|---|
r-devel-linux-x86_64-debian-clang | 1.0.0 | 3.72 | 245.50 | 249.22 | NOTE | |
r-devel-linux-x86_64-debian-gcc | 1.0.0 | 2.82 | 165.22 | 168.04 | NOTE | |
r-devel-linux-x86_64-fedora-clang | 1.0.0 | 289.39 | NOTE | |||
r-devel-linux-x86_64-fedora-gcc | 1.0.0 | 306.61 | NOTE | |||
r-prerel-macos-arm64 | 1.0.0 | 61.00 | NOTE | |||
r-prerel-windows-x86_64 | 1.0.0 | 5.00 | 171.00 | 176.00 | NOTE | |
r-patched-linux-x86_64 | 1.0.0 | 3.93 | 221.60 | 225.53 | NOTE | |
r-release-linux-x86_64 | 1.0.0 | 2.79 | 231.52 | 234.31 | NOTE | |
r-release-macos-arm64 | 1.0.0 | 65.00 | NOTE | |||
r-release-macos-x86_64 | 1.0.0 | 135.00 | NOTE | |||
r-release-windows-x86_64 | 1.0.0 | 5.00 | 218.00 | 223.00 | NOTE | |
r-oldrel-macos-arm64 | 1.0.0 | 56.00 | NOTE | |||
r-oldrel-windows-x86_64 | 1.0.0 | 6.00 | 216.00 | 222.00 | NOTE |
Version: 1.0.0
Check: LazyData
Result: NOTE
'LazyData' is specified without a 'data' directory
Flavors: r-devel-linux-x86_64-debian-clang, r-devel-linux-x86_64-debian-gcc, r-devel-linux-x86_64-fedora-clang, r-devel-linux-x86_64-fedora-gcc, r-prerel-macos-arm64, r-prerel-windows-x86_64, r-patched-linux-x86_64, r-release-linux-x86_64, r-release-macos-arm64, r-release-macos-x86_64, r-release-windows-x86_64, r-oldrel-macos-arm64, r-oldrel-windows-x86_64