CRAN Package Check Results for Package swdft

Last updated on 2022-09-26 06:51:24 CEST.

Flavor Version Tinstall Tcheck Ttotal Status Flags
r-devel-linux-x86_64-debian-clang 1.0.0 3.06 219.43 222.49 NOTE
r-devel-linux-x86_64-debian-gcc 1.0.0 2.92 158.22 161.14 NOTE
r-devel-linux-x86_64-fedora-clang 1.0.0 271.19 NOTE
r-devel-linux-x86_64-fedora-gcc 1.0.0 274.26 NOTE
r-devel-windows-x86_64 1.0.0 26.00 244.00 270.00 NOTE
r-patched-linux-x86_64 1.0.0 4.12 209.24 213.36 NOTE
r-release-linux-x86_64 1.0.0 3.96 213.86 217.82 NOTE
r-release-macos-arm64 1.0.0 55.00 NOTE
r-release-macos-x86_64 1.0.0 92.00 NOTE
r-release-windows-x86_64 1.0.0 25.00 261.00 286.00 NOTE
r-oldrel-macos-arm64 1.0.0 62.00 NOTE
r-oldrel-macos-x86_64 1.0.0 111.00 NOTE
r-oldrel-windows-ix86+x86_64 1.0.0 8.00 261.00 269.00 NOTE

Check Details

Version: 1.0.0
Check: LazyData
Result: NOTE
     'LazyData' is specified without a 'data' directory
Flavors: r-devel-linux-x86_64-debian-clang, r-devel-linux-x86_64-debian-gcc, r-devel-linux-x86_64-fedora-clang, r-devel-linux-x86_64-fedora-gcc, r-devel-windows-x86_64, r-patched-linux-x86_64, r-release-linux-x86_64, r-release-macos-arm64, r-release-macos-x86_64, r-release-windows-x86_64, r-oldrel-macos-arm64, r-oldrel-macos-x86_64, r-oldrel-windows-ix86+x86_64