Last updated on 2025-04-29 12:52:51 CEST.
Flavor | Version | Tinstall | Tcheck | Ttotal | Status | Flags |
---|---|---|---|---|---|---|
r-devel-linux-x86_64-debian-clang | 1.5.1 | 3.50 | 40.28 | 43.78 | NOTE | |
r-devel-linux-x86_64-debian-gcc | 1.5.1 | 2.20 | 28.06 | 30.26 | NOTE | |
r-devel-linux-x86_64-fedora-clang | 1.5.1 | 74.24 | OK | |||
r-devel-linux-x86_64-fedora-gcc | 1.5.1 | 66.43 | OK | |||
r-devel-windows-x86_64 | 1.5.1 | 5.00 | 62.00 | 67.00 | OK | |
r-patched-linux-x86_64 | 1.5.1 | 3.39 | 38.74 | 42.13 | OK | |
r-release-linux-x86_64 | 1.5.1 | 3.41 | 37.80 | 41.21 | OK | |
r-release-macos-arm64 | 1.5.1 | 23.00 | OK | |||
r-release-macos-x86_64 | 1.5.1 | 40.00 | OK | |||
r-release-windows-x86_64 | 1.5.1 | 4.00 | 62.00 | 66.00 | OK | |
r-oldrel-macos-arm64 | 1.5.1 | 24.00 | OK | |||
r-oldrel-macos-x86_64 | 1.5.1 | 39.00 | OK | |||
r-oldrel-windows-x86_64 | 1.5.1 | 7.00 | 71.00 | 78.00 | OK |
Version: 1.5.1
Check: CRAN incoming feasibility
Result: NOTE
Maintainer: ‘Martin Lauss <martin.lauss@med.lu.se>’
No Authors@R field in DESCRIPTION.
Please add one, modifying
Authors@R: person(given = "Martin",
family = "Lauss",
role = c("aut", "cre"),
email = "martin.lauss@med.lu.se")
as necessary.
Flavors: r-devel-linux-x86_64-debian-clang, r-devel-linux-x86_64-debian-gcc
Version: 1.5.1
Check: examples
Result: NOTE
Examples with CPU (user + system) or elapsed time > 5s
user system elapsed
swamp-package 4.436 0.02 5.549
Flavor: r-devel-linux-x86_64-debian-clang