Last updated on 2023-03-21 12:50:51 CET.
Flavor | Version | Tinstall | Tcheck | Ttotal | Status | Flags |
---|---|---|---|---|---|---|
r-devel-linux-x86_64-debian-clang | 0.8.1 | 5.18 | 55.21 | 60.39 | NOTE | |
r-devel-linux-x86_64-debian-gcc | 0.8.1 | 4.93 | 42.65 | 47.58 | NOTE | |
r-devel-linux-x86_64-fedora-clang | 0.8.1 | 78.66 | NOTE | |||
r-devel-linux-x86_64-fedora-gcc | 0.8.1 | 72.89 | NOTE | |||
r-patched-linux-x86_64 | 0.8.1 | 4.94 | 54.54 | 59.48 | NOTE | |
r-release-linux-x86_64 | 0.8.1 | 6.07 | 53.85 | 59.92 | NOTE | |
r-release-macos-arm64 | 0.8.1 | 28.00 | NOTE | |||
r-release-macos-x86_64 | 0.8.1 | 51.00 | NOTE | |||
r-release-windows-x86_64 | 0.8.1 | 13.00 | 90.00 | 103.00 | NOTE | |
r-oldrel-macos-arm64 | 0.8.1 | 34.00 | NOTE | |||
r-oldrel-macos-x86_64 | 0.8.1 | 48.00 | NOTE | |||
r-oldrel-windows-ix86+x86_64 | 0.8.1 | 15.00 | 84.00 | 99.00 | NOTE |
Version: 0.8.1
Check: LazyData
Result: NOTE
'LazyData' is specified without a 'data' directory
Flavors: r-devel-linux-x86_64-debian-clang, r-devel-linux-x86_64-debian-gcc, r-devel-linux-x86_64-fedora-clang, r-devel-linux-x86_64-fedora-gcc, r-patched-linux-x86_64, r-release-linux-x86_64, r-release-macos-arm64, r-release-macos-x86_64, r-release-windows-x86_64, r-oldrel-macos-arm64, r-oldrel-macos-x86_64, r-oldrel-windows-ix86+x86_64