Last updated on 2025-02-22 21:51:39 CET.
Flavor | Version | Tinstall | Tcheck | Ttotal | Status | Flags |
---|---|---|---|---|---|---|
r-devel-linux-x86_64-debian-clang | 0.2.4 | 114.73 | 53.04 | 167.77 | OK | |
r-devel-linux-x86_64-debian-gcc | 0.2.4 | 98.59 | 47.30 | 145.89 | OK | |
r-devel-linux-x86_64-fedora-clang | 0.2.4 | 276.95 | WARN | |||
r-devel-linux-x86_64-fedora-gcc | 0.2.4 | 385.54 | OK | |||
r-devel-macos-arm64 | 0.2.4 | 82.00 | OK | |||
r-devel-macos-x86_64 | 0.2.4 | 200.00 | OK | |||
r-devel-windows-x86_64 | 0.2.4 | 115.00 | 131.00 | 246.00 | OK | |
r-patched-linux-x86_64 | 0.2.4 | 128.40 | 61.68 | 190.08 | OK | |
r-release-linux-x86_64 | 0.2.4 | 130.60 | 61.56 | 192.16 | OK | |
r-release-macos-arm64 | 0.2.4 | 85.00 | NOTE | |||
r-release-macos-x86_64 | 0.2.4 | 161.00 | NOTE | |||
r-release-windows-x86_64 | 0.2.4 | 115.00 | 125.00 | 240.00 | NOTE | |
r-oldrel-macos-arm64 | 0.2.4 | 88.00 | NOTE | |||
r-oldrel-macos-x86_64 | 0.2.4 | 200.00 | NOTE | |||
r-oldrel-windows-x86_64 | 0.2.4 | 144.00 | 183.00 | 327.00 | NOTE |
Version: 0.2.4
Check: whether package can be installed
Result: WARN
Found the following significant warnings:
/data/gannet/ripley/R/test-clang/rvinecopulib/include/vinecopulib/misc/nlohmann_json.hpp:25226:47: warning: identifier '_json' preceded by whitespace in a literal operator declaration is deprecated [-Wdeprecated-literal-operator]
/data/gannet/ripley/R/test-clang/rvinecopulib/include/vinecopulib/misc/nlohmann_json.hpp:25245:61: warning: identifier '_json_pointer' preceded by whitespace in a literal operator declaration is deprecated [-Wdeprecated-literal-operator]
See ‘/data/gannet/ripley/R/packages/tests-clang/svines.Rcheck/00install.out’ for details.
* used C++ compiler: ‘clang version 20.1.0-rc2’
Flavor: r-devel-linux-x86_64-fedora-clang
Version: 0.2.4
Check: installed package size
Result: NOTE
installed size is 45.9Mb
sub-directories of 1Mb or more:
libs 45.4Mb
Flavors: r-release-macos-arm64, r-release-macos-x86_64, r-release-windows-x86_64, r-oldrel-macos-arm64, r-oldrel-macos-x86_64, r-oldrel-windows-x86_64