Last updated on 2021-03-01 21:48:43 CET.
Flavor | Version | Tinstall | Tcheck | Ttotal | Status | Flags |
---|---|---|---|---|---|---|
r-devel-linux-x86_64-debian-clang | 0.3.4 | OK | ||||
r-devel-linux-x86_64-debian-gcc | 0.3.4 | 1.48 | 16.70 | 18.18 | OK | |
r-devel-linux-x86_64-fedora-clang | 0.3.4 | 37.94 | OK | |||
r-devel-linux-x86_64-fedora-gcc | 0.3.4 | 27.49 | OK | |||
r-devel-windows-ix86+x86_64 | 0.3.4 | 4.00 | 29.00 | 33.00 | OK | |
r-patched-linux-x86_64 | 0.3.4 | 1.93 | 20.23 | 22.16 | OK | |
r-patched-solaris-x86 | 0.3.4 | 42.00 | OK | |||
r-release-linux-x86_64 | 0.3.4 | 1.91 | 20.21 | 22.12 | OK | |
r-release-macos-x86_64 | 0.3.4 | OK | ||||
r-release-windows-ix86+x86_64 | 0.3.4 | 5.00 | 10.00 | 15.00 | ERROR | |
r-oldrel-macos-x86_64 | 0.3.4 | OK | ||||
r-oldrel-windows-ix86+x86_64 | 0.3.4 | 3.00 | 33.00 | 36.00 | OK |
Version: 0.3.4
Check: whether package can be installed
Result: ERROR
Installation failed.
See 'd:/Rcompile/CRANpkg/local/4.0/svgPanZoom.Rcheck/00install.out'*
Flavor: r-release-windows-ix86+x86_64