CRAN Package Check Results for Package svars

Last updated on 2022-01-20 06:49:34 CET.

Flavor Version Tinstall Tcheck Ttotal Status Flags
r-devel-linux-x86_64-debian-clang 1.3.8 OK
r-devel-linux-x86_64-debian-gcc 1.3.8 111.25 162.57 273.82 OK
r-devel-linux-x86_64-fedora-clang 1.3.8 507.45 NOTE
r-devel-linux-x86_64-fedora-gcc 1.3.8 469.75 OK
r-devel-windows-x86_64-new-UL 1.3.8 158.00 279.00 437.00 OK
r-devel-windows-x86_64-new-TK 1.3.8 OK
r-patched-linux-x86_64 1.3.8 136.67 215.36 352.03 OK
r-release-linux-x86_64 1.3.8 OK
r-release-macos-arm64 1.3.8 NOTE
r-release-macos-x86_64 1.3.8 NOTE
r-release-windows-ix86+x86_64 1.3.8 357.00 371.00 728.00 OK
r-oldrel-macos-x86_64 1.3.8 NOTE
r-oldrel-windows-ix86+x86_64 1.3.8 351.00 368.00 719.00 OK

Check Details

Version: 1.3.8
Check: installed package size
Result: NOTE
     installed size is 8.4Mb
     sub-directories of 1Mb or more:
     help 1.1Mb
     libs 6.6Mb
Flavors: r-devel-linux-x86_64-fedora-clang, r-release-macos-arm64, r-release-macos-x86_64, r-oldrel-macos-x86_64