CRAN Package Check Results for Package svIDE

Last updated on 2021-02-25 06:47:16 CET.

Flavor Version Tinstall Tcheck Ttotal Status Flags
r-devel-linux-x86_64-debian-clang 0.9-54 3.88 37.44 41.32 OK
r-devel-linux-x86_64-debian-gcc 0.9-54 2.90 29.92 32.82 OK
r-devel-linux-x86_64-fedora-clang 0.9-54 65.44 OK
r-devel-linux-x86_64-fedora-gcc 0.9-54 50.91 OK
r-devel-windows-ix86+x86_64 0.9-54 6.00 44.00 50.00 OK
r-patched-linux-x86_64 0.9-54 4.00 36.24 40.24 OK
r-patched-solaris-x86 0.9-54 78.90 OK
r-release-linux-x86_64 0.9-54 3.34 35.86 39.20 OK
r-release-macos-x86_64 0.9-54 OK
r-release-windows-ix86+x86_64 0.9-54 29.00 15.00 44.00 ERROR
r-oldrel-macos-x86_64 0.9-54 OK
r-oldrel-windows-ix86+x86_64 0.9-54 5.00 49.00 54.00 OK

Check Details

Version: 0.9-54
Check: whether package can be installed
Result: ERROR
    Installation failed.
Flavor: r-release-windows-ix86+x86_64