CRAN Package Check Results for Package svDialogs

Last updated on 2024-06-14 02:54:19 CEST.

Flavor Version Tinstall Tcheck Ttotal Status Flags
r-devel-linux-x86_64-debian-clang 1.1.0 5.58 44.03 49.61 OK
r-devel-linux-x86_64-debian-gcc 1.1.0 4.13 32.64 36.77 ERROR
r-devel-linux-x86_64-fedora-clang 1.1.0 64.12 OK
r-devel-linux-x86_64-fedora-gcc 1.1.0 74.31 OK
r-devel-windows-x86_64 1.1.0 5.00 60.00 65.00 OK
r-patched-linux-x86_64 1.1.0 4.89 43.33 48.22 OK
r-release-linux-x86_64 1.1.0 4.49 41.60 46.09 OK
r-release-macos-arm64 1.1.0 28.00 OK
r-release-macos-x86_64 1.1.0 41.00 OK
r-release-windows-x86_64 1.1.0 5.00 62.00 67.00 OK
r-oldrel-macos-arm64 1.1.0 27.00 OK
r-oldrel-macos-x86_64 1.1.0 43.00 OK
r-oldrel-windows-x86_64 1.1.0 6.00 62.00 68.00 OK

Check Details

Version: 1.1.0
Check: package dependencies
Result: NOTE Package suggested but not available for checking: ‘testthat’ Flavor: r-devel-linux-x86_64-debian-gcc

Version: 1.1.0
Check: tests
Result: ERROR Running ‘spelling.R’ [0s/1s] Running ‘testthat.R’ [0s/1s] Running the tests in ‘tests/testthat.R’ failed. Complete output: > library("testthat") Error in library("testthat") : there is no package called 'testthat' Execution halted Flavor: r-devel-linux-x86_64-debian-gcc