Last updated on 2024-04-24 21:55:00 CEST.
Flavor | Version | Tinstall | Tcheck | Ttotal | Status | Flags |
---|---|---|---|---|---|---|
r-devel-linux-x86_64-debian-clang | 0.0.5 | 8.43 | 93.36 | 101.79 | OK | |
r-devel-linux-x86_64-debian-gcc | 0.0.5 | 8.50 | 68.27 | 76.77 | OK | |
r-devel-linux-x86_64-fedora-clang | 0.0.5 | 124.45 | NOTE | |||
r-devel-linux-x86_64-fedora-gcc | 0.0.5 | 120.63 | NOTE | |||
r-devel-windows-x86_64 | 0.0.5 | 10.00 | 97.00 | 107.00 | OK | |
r-patched-linux-x86_64 | 0.0.5 | 13.64 | 84.86 | 98.50 | OK | |
r-release-linux-x86_64 | 0.0.5 | 6.32 | 90.09 | 96.41 | OK | |
r-release-macos-arm64 | 0.0.5 | 43.00 | OK | |||
r-release-windows-x86_64 | 0.0.5 | 10.00 | 94.00 | 104.00 | OK | |
r-oldrel-macos-arm64 | 0.0.5 | 37.00 | NOTE | |||
r-oldrel-macos-x86_64 | 0.0.5 | 65.00 | OK | |||
r-oldrel-windows-x86_64 | 0.0.5 | 12.00 | 111.00 | 123.00 | OK |
Version: 0.0.5
Check: dependencies in R code
Result: NOTE
Namespace in Imports field not imported from: ‘quadprog’
All declared Imports should be used.
Flavors: r-devel-linux-x86_64-fedora-clang, r-devel-linux-x86_64-fedora-gcc, r-oldrel-macos-arm64