Last updated on 2023-12-08 12:52:32 CET.
Flavor | Version | Tinstall | Tcheck | Ttotal | Status | Flags |
---|---|---|---|---|---|---|
r-devel-linux-x86_64-debian-clang | 0.1.13 | 22.86 | 53.14 | 76.00 | NOTE | |
r-devel-linux-x86_64-debian-gcc | 0.1.13 | 14.23 | 42.11 | 56.34 | NOTE | |
r-devel-linux-x86_64-fedora-clang | 0.1.13 | 106.62 | NOTE | |||
r-devel-linux-x86_64-fedora-gcc | 0.1.13 | 95.91 | NOTE | |||
r-devel-windows-x86_64 | 0.1.13 | 19.00 | 106.00 | 125.00 | NOTE | |
r-patched-linux-x86_64 | 0.1.13 | 19.74 | 52.38 | 72.12 | NOTE | |
r-release-linux-x86_64 | 0.1.13 | 18.55 | 52.34 | 70.89 | NOTE | |
r-release-macos-arm64 | 0.1.13 | 32.00 | NOTE | |||
r-release-macos-x86_64 | 0.1.13 | 45.00 | NOTE | |||
r-release-windows-x86_64 | 0.1.13 | 24.00 | 106.00 | 130.00 | NOTE | |
r-oldrel-macos-arm64 | 0.1.13 | 37.00 | OK | |||
r-oldrel-macos-x86_64 | 0.1.13 | 50.00 | OK | |||
r-oldrel-windows-x86_64 | 0.1.13 | 20.00 | 102.00 | 122.00 | NOTE |
Version: 0.1.13
Check: package dependencies
Result: NOTE
Package suggested but not available for checking: ‘distr6’
Flavors: r-devel-linux-x86_64-debian-clang, r-devel-linux-x86_64-debian-gcc, r-devel-linux-x86_64-fedora-clang, r-devel-linux-x86_64-fedora-gcc, r-devel-windows-x86_64, r-patched-linux-x86_64, r-release-linux-x86_64, r-release-macos-arm64, r-release-macos-x86_64, r-release-windows-x86_64, r-oldrel-windows-x86_64
Version: 0.1.13
Check: Rd files
Result: NOTE
checkRd: (-1) set_seed.Rd:19: Lost braces; missing escapes or markup?
19 | using \link{set.seed} as usual but also in {numpy} and {torch} via {reticulate}.
| ^
checkRd: (-1) set_seed.Rd:19: Lost braces; missing escapes or markup?
19 | using \link{set.seed} as usual but also in {numpy} and {torch} via {reticulate}.
| ^
checkRd: (-1) set_seed.Rd:19: Lost braces; missing escapes or markup?
19 | using \link{set.seed} as usual but also in {numpy} and {torch} via {reticulate}.
| ^
Flavors: r-devel-linux-x86_64-debian-clang, r-devel-linux-x86_64-debian-gcc
Version: 0.1.13
Check: Rd cross-references
Result: NOTE
Unknown package ‘distr6’ in Rd xrefs
Flavors: r-devel-linux-x86_64-debian-clang, r-devel-linux-x86_64-debian-gcc, r-devel-linux-x86_64-fedora-clang, r-devel-linux-x86_64-fedora-gcc, r-devel-windows-x86_64, r-patched-linux-x86_64, r-release-linux-x86_64, r-release-macos-arm64, r-release-macos-x86_64, r-release-windows-x86_64, r-oldrel-windows-x86_64