Last updated on 2024-03-28 06:53:04 CET.
Flavor | Version | Tinstall | Tcheck | Ttotal | Status | Flags |
---|---|---|---|---|---|---|
r-devel-linux-x86_64-debian-clang | 1.3.2 | 25.01 | 165.55 | 190.56 | NOTE | |
r-devel-linux-x86_64-debian-gcc | 1.3.2 | 20.25 | 121.77 | 142.02 | NOTE | |
r-devel-linux-x86_64-fedora-clang | 1.3.2 | 232.28 | NOTE | |||
r-devel-linux-x86_64-fedora-gcc | 1.3.2 | 225.54 | NOTE | |||
r-devel-windows-x86_64 | 1.3.2 | 22.00 | 133.00 | 155.00 | NOTE | |
r-patched-linux-x86_64 | 1.3.2 | 23.48 | 165.82 | 189.30 | OK | |
r-release-linux-x86_64 | 1.3.2 | 15.63 | 164.68 | 180.31 | OK | |
r-release-macos-arm64 | 1.3.2 | 69.00 | OK | |||
r-release-macos-x86_64 | 1.3.2 | 111.00 | OK | |||
r-release-windows-x86_64 | 1.3.2 | 28.00 | 168.00 | 196.00 | OK | |
r-oldrel-macos-arm64 | 1.3.2 | 69.00 | OK | |||
r-oldrel-windows-x86_64 | 1.3.2 | 29.00 | 163.00 | 192.00 | OK |
Version: 1.3.2
Check: Rd files
Result: NOTE
checkRd: (-1) tprob.Rd:138: Lost braces in \itemize; meant \describe ?
checkRd: (-1) tprob.Rd:139: Lost braces in \itemize; meant \describe ?
checkRd: (-1) tprob.Rd:140: Lost braces in \itemize; meant \describe ?
checkRd: (-1) tprob.Rd:141: Lost braces in \itemize; meant \describe ?
checkRd: (-1) tprob.Rd:142: Lost braces in \itemize; meant \describe ?
checkRd: (-1) tprob.Rd:143: Lost braces in \itemize; meant \describe ?
checkRd: (-1) tprob.Rd:144: Lost braces in \itemize; meant \describe ?
checkRd: (-1) tprob.Rd:145: Lost braces in \itemize; meant \describe ?
checkRd: (-1) tprob.Rd:146: Lost braces in \itemize; meant \describe ?
Flavors: r-devel-linux-x86_64-debian-clang, r-devel-linux-x86_64-debian-gcc, r-devel-linux-x86_64-fedora-clang, r-devel-linux-x86_64-fedora-gcc, r-devel-windows-x86_64