Last updated on 2022-08-18 12:54:14 CEST.
Flavor | Version | Tinstall | Tcheck | Ttotal | Status | Flags |
---|---|---|---|---|---|---|
r-devel-linux-x86_64-debian-clang | 1.3.0 | 45.62 | 360.19 | 405.81 | NOTE | |
r-devel-linux-x86_64-debian-gcc | 1.3.0 | 36.89 | 582.22 | 619.11 | NOTE | |
r-devel-linux-x86_64-fedora-clang | 1.3.0 | 411.85 | NOTE | |||
r-devel-linux-x86_64-fedora-gcc | 1.3.0 | 499.88 | NOTE | |||
r-devel-windows-x86_64 | 1.3.0 | 55.00 | 276.00 | 331.00 | NOTE | |
r-patched-linux-x86_64 | 1.3.0 | 39.88 | 408.97 | 448.85 | NOTE | |
r-release-linux-x86_64 | 1.3.0 | 36.63 | 375.21 | 411.84 | NOTE | |
r-release-macos-arm64 | 1.3.0 | 86.00 | NOTE | |||
r-release-macos-x86_64 | 1.3.0 | 163.00 | NOTE | |||
r-release-windows-x86_64 | 1.3.0 | 56.00 | 273.00 | 329.00 | NOTE | |
r-oldrel-macos-arm64 | 1.3.0 | 99.00 | NOTE | |||
r-oldrel-macos-x86_64 | 1.3.0 | 199.00 | NOTE | |||
r-oldrel-windows-ix86+x86_64 | 1.3.0 | 112.00 | 401.00 | 513.00 | NOTE |
Version: 1.3.0
Check: LazyData
Result: NOTE
'LazyData' is specified without a 'data' directory
Flavors: r-devel-linux-x86_64-debian-clang, r-devel-linux-x86_64-debian-gcc, r-devel-linux-x86_64-fedora-clang, r-devel-linux-x86_64-fedora-gcc, r-devel-windows-x86_64, r-patched-linux-x86_64, r-release-linux-x86_64, r-release-macos-arm64, r-release-macos-x86_64, r-release-windows-x86_64, r-oldrel-macos-arm64, r-oldrel-macos-x86_64, r-oldrel-windows-ix86+x86_64
Version: 1.3.0
Check: HTML version of manual
Result: NOTE
Found the following HTML validation problems:
computeFrac.html:77:1: Warning: <center> element removed from HTML5
computeFrac.html:82:1: Warning: <center> element removed from HTML5
computeFrac.html:86:1: Warning: <center> element removed from HTML5
Flavors: r-devel-linux-x86_64-debian-clang, r-devel-linux-x86_64-debian-gcc, r-devel-linux-x86_64-fedora-clang, r-devel-linux-x86_64-fedora-gcc
Version: 1.3.0
Check: HTML version of manual
Result: NOTE
Found the following HTML validation problems:
computeFrac.html:77:1: Warning: <center> element removed from HTML5
computeFrac.html:82:1: Warning: <center> element removed from HTML5
computeFrac.html:86:1: Warning: <center> element removed from HTML5
Flavor: r-devel-windows-x86_64