Last updated on 2022-08-13 12:55:27 CEST.
Flavor | Version | Tinstall | Tcheck | Ttotal | Status | Flags |
---|---|---|---|---|---|---|
r-devel-linux-x86_64-debian-clang | 4.0 | 4.78 | 39.21 | 43.99 | NOTE | |
r-devel-linux-x86_64-debian-gcc | 4.0 | 3.31 | 28.10 | 31.41 | NOTE | |
r-devel-linux-x86_64-fedora-clang | 4.0 | 60.71 | NOTE | |||
r-devel-linux-x86_64-fedora-gcc | 4.0 | 58.06 | NOTE | |||
r-devel-windows-x86_64 | 4.0 | 35.00 | 58.00 | 93.00 | NOTE | |
r-patched-linux-x86_64 | 4.0 | 4.69 | 34.45 | 39.14 | NOTE | |
r-release-linux-x86_64 | 4.0 | 3.36 | 35.35 | 38.71 | NOTE | |
r-release-macos-arm64 | 4.0 | 18.00 | NOTE | |||
r-release-macos-x86_64 | 4.0 | 25.00 | NOTE | |||
r-release-windows-x86_64 | 4.0 | 14.00 | 60.00 | 74.00 | NOTE | |
r-oldrel-macos-arm64 | 4.0 | 22.00 | NOTE | |||
r-oldrel-macos-x86_64 | 4.0 | 30.00 | NOTE | |||
r-oldrel-windows-ix86+x86_64 | 4.0 | 8.00 | 57.00 | 65.00 | NOTE |
Version: 4.0
Check: LazyData
Result: NOTE
'LazyData' is specified without a 'data' directory
Flavors: r-devel-linux-x86_64-debian-clang, r-devel-linux-x86_64-debian-gcc, r-devel-linux-x86_64-fedora-clang, r-devel-linux-x86_64-fedora-gcc, r-devel-windows-x86_64, r-patched-linux-x86_64, r-release-linux-x86_64, r-release-macos-arm64, r-release-macos-x86_64, r-release-windows-x86_64, r-oldrel-macos-arm64, r-oldrel-macos-x86_64, r-oldrel-windows-ix86+x86_64