Last updated on 2023-03-30 21:50:09 CEST.
Flavor | Version | Tinstall | Tcheck | Ttotal | Status | Flags |
---|---|---|---|---|---|---|
r-devel-linux-x86_64-debian-clang | 1.5.2 | 43.92 | 290.18 | 334.10 | NOTE | --no-vignettes |
r-devel-linux-x86_64-debian-gcc | 1.5.2 | 35.97 | 447.40 | 483.37 | NOTE | --no-vignettes |
r-devel-linux-x86_64-fedora-clang | 1.5.2 | 892.12 | NOTE | |||
r-devel-linux-x86_64-fedora-gcc | 1.5.2 | 697.15 | NOTE | |||
r-patched-linux-x86_64 | 1.5.2 | 39.17 | 170.63 | 209.80 | NOTE | --no-vignettes |
r-release-linux-x86_64 | 1.5.2 | 39.50 | 173.83 | 213.33 | OK | --no-vignettes |
r-release-macos-arm64 | 1.5.2 | 155.00 | NOTE | |||
r-release-macos-x86_64 | 1.5.2 | 271.00 | NOTE | |||
r-release-windows-x86_64 | 1.5.2 | 52.00 | 501.00 | 553.00 | OK | |
r-oldrel-macos-arm64 | 1.5.2 | 134.00 | NOTE | |||
r-oldrel-macos-x86_64 | 1.5.2 | 261.00 | NOTE | |||
r-oldrel-windows-ix86+x86_64 | 1.5.2 | 97.00 | 538.00 | 635.00 | OK |
Version: 1.5.2
Flags: --no-vignettes
Check: C++ specification
Result: NOTE
Specified C++11: please drop specification unless essential
Flavors: r-devel-linux-x86_64-debian-clang, r-devel-linux-x86_64-debian-gcc, r-patched-linux-x86_64
Version: 1.5.2
Check: C++ specification
Result: NOTE
Specified C++11: please drop specification unless essential
Flavors: r-devel-linux-x86_64-fedora-clang, r-devel-linux-x86_64-fedora-gcc
Version: 1.5.2
Check: installed package size
Result: NOTE
installed size is 15.1Mb
sub-directories of 1Mb or more:
libs 14.4Mb
Flavors: r-release-macos-arm64, r-release-macos-x86_64, r-oldrel-macos-arm64, r-oldrel-macos-x86_64