CRAN Package Check Results for Package survPen

Last updated on 2020-10-01 12:49:16 CEST.

Flavor Version Tinstall Tcheck Ttotal Status Flags
r-devel-linux-x86_64-debian-clang 1.5.1 42.91 117.09 160.00 OK --no-vignettes
r-devel-linux-x86_64-debian-gcc 1.5.1 32.84 95.78 128.62 OK --no-vignettes
r-devel-linux-x86_64-fedora-clang 1.5.1 504.13 NOTE
r-devel-linux-x86_64-fedora-gcc 1.5.1 499.31 OK
r-devel-windows-ix86+x86_64 1.5.1 89.00 459.00 548.00 OK
r-patched-linux-x86_64 1.5.1 38.63 116.89 155.52 OK --no-vignettes
r-patched-solaris-x86 1.5.1 963.20 OK
r-release-linux-x86_64 1.5.1 39.45 117.44 156.89 OK --no-vignettes
r-release-macos-x86_64 1.5.1 NOTE
r-release-windows-ix86+x86_64 1.5.1 69.00 395.00 464.00 OK
r-oldrel-macos-x86_64 1.5.1 NOTE
r-oldrel-windows-ix86+x86_64 1.5.1 54.00 402.00 456.00 OK

Check Details

Version: 1.5.1
Check: installed package size
Result: NOTE
     installed size is 14.9Mb
     sub-directories of 1Mb or more:
     doc 1.4Mb
     libs 13.1Mb
Flavors: r-devel-linux-x86_64-fedora-clang, r-release-macos-x86_64, r-oldrel-macos-x86_64