Last updated on 2025-02-01 21:49:27 CET.
Flavor | Version | Tinstall | Tcheck | Ttotal | Status | Flags |
---|---|---|---|---|---|---|
r-devel-linux-x86_64-debian-clang | 1.0 | 1.90 | 27.58 | 29.48 | OK | |
r-devel-linux-x86_64-debian-gcc | 1.0 | 1.68 | 22.56 | 24.24 | OK | |
r-devel-linux-x86_64-fedora-clang | 1.0 | 50.07 | NOTE | |||
r-devel-linux-x86_64-fedora-gcc | 1.0 | 59.45 | NOTE | |||
r-devel-windows-x86_64 | 1.0 | 3.00 | 49.00 | 52.00 | OK | |
r-patched-linux-x86_64 | 1.0 | 2.22 | 26.31 | 28.53 | NOTE | |
r-release-linux-x86_64 | 1.0 | 1.25 | 26.11 | 27.36 | NOTE | |
r-release-macos-arm64 | 1.0 | 23.00 | NOTE | |||
r-release-macos-x86_64 | 1.0 | 35.00 | NOTE | |||
r-release-windows-x86_64 | 1.0 | 3.00 | 48.00 | 51.00 | NOTE | |
r-oldrel-macos-arm64 | 1.0 | 24.00 | NOTE | |||
r-oldrel-macos-x86_64 | 1.0 | 34.00 | NOTE | |||
r-oldrel-windows-x86_64 | 1.0 | 4.00 | 52.00 | 56.00 | NOTE |
Version: 1.0
Check: dependencies in R code
Result: NOTE
Namespace in Imports field not imported from: ‘survival’
All declared Imports should be used.
Flavors: r-devel-linux-x86_64-fedora-clang, r-devel-linux-x86_64-fedora-gcc
Version: 1.0
Check: LazyData
Result: NOTE
'LazyData' is specified without a 'data' directory
Flavors: r-patched-linux-x86_64, r-release-linux-x86_64, r-release-macos-arm64, r-release-macos-x86_64, r-release-windows-x86_64, r-oldrel-macos-arm64, r-oldrel-macos-x86_64, r-oldrel-windows-x86_64