Last updated on 2023-12-09 12:49:37 CET.
Flavor | Version | Tinstall | Tcheck | Ttotal | Status | Flags |
---|---|---|---|---|---|---|
r-devel-linux-x86_64-debian-clang | 1.0 | 5.75 | 114.35 | 120.10 | OK | |
r-devel-linux-x86_64-debian-gcc | 1.0 | 6.49 | 87.51 | 94.00 | OK | |
r-devel-linux-x86_64-fedora-clang | 1.0 | 151.39 | OK | |||
r-devel-linux-x86_64-fedora-gcc | 1.0 | 158.05 | OK | |||
r-devel-windows-x86_64 | 1.0 | 7.00 | 107.00 | 114.00 | OK | |
r-patched-linux-x86_64 | 1.0 | 5.65 | 113.26 | 118.91 | OK | |
r-release-linux-x86_64 | 1.0 | 7.39 | 112.88 | 120.27 | OK | |
r-release-macos-arm64 | 1.0 | 68.00 | OK | |||
r-release-macos-x86_64 | 1.0 | 111.00 | OK | |||
r-release-windows-x86_64 | 1.0 | 10.00 | 100.00 | 110.00 | OK | |
r-oldrel-macos-arm64 | 1.0 | 56.00 | NOTE | |||
r-oldrel-macos-x86_64 | 1.0 | 81.00 | OK | |||
r-oldrel-windows-x86_64 | 1.0 | 9.00 | 134.00 | 143.00 | OK |
Version: 1.0
Check: package dependencies
Result: NOTE
Package suggested but not available for checking: ‘BiocParallel’
Flavor: r-oldrel-macos-arm64