Last updated on 2023-03-30 21:50:09 CEST.
Flavor | Version | Tinstall | Tcheck | Ttotal | Status | Flags |
---|---|---|---|---|---|---|
r-devel-linux-x86_64-debian-clang | 0.2.0 | 5.95 | 52.30 | 58.25 | OK | |
r-devel-linux-x86_64-debian-gcc | 0.2.0 | 4.49 | 39.65 | 44.14 | OK | |
r-devel-linux-x86_64-fedora-clang | 0.2.0 | 74.44 | NOTE | |||
r-devel-linux-x86_64-fedora-gcc | 0.2.0 | 68.55 | OK | |||
r-patched-linux-x86_64 | 0.2.0 | 5.88 | 48.96 | 54.84 | OK | |
r-release-linux-x86_64 | 0.2.0 | 5.74 | 50.78 | 56.52 | OK | |
r-release-macos-arm64 | 0.2.0 | 26.00 | OK | |||
r-release-macos-x86_64 | 0.2.0 | 48.00 | OK | |||
r-release-windows-x86_64 | 0.2.0 | 21.00 | 89.00 | 110.00 | OK | |
r-oldrel-macos-arm64 | 0.2.0 | 30.00 | OK | |||
r-oldrel-macos-x86_64 | 0.2.0 | 51.00 | OK | |||
r-oldrel-windows-ix86+x86_64 | 0.2.0 | 14.00 | 82.00 | 96.00 | OK |
Version: 0.2.0
Check: Rd cross-references
Result: NOTE
Undeclared package ‘truncdist’ in Rd xrefs
Flavor: r-devel-linux-x86_64-fedora-clang