CRAN Package Check Results for Package support.CEs

Last updated on 2021-02-27 12:49:40 CET.

Flavor Version Tinstall Tcheck Ttotal Status Flags
r-devel-linux-x86_64-debian-clang 0.5-0 3.59 41.95 45.54 OK
r-devel-linux-x86_64-debian-gcc 0.5-0 3.14 32.94 36.08 OK
r-devel-linux-x86_64-fedora-clang 0.5-0 68.59 NOTE
r-devel-linux-x86_64-fedora-gcc 0.5-0 57.23 OK
r-devel-windows-ix86+x86_64 0.5-0 7.00 52.00 59.00 OK
r-patched-linux-x86_64 0.5-0 3.33 40.67 44.00 OK
r-patched-solaris-x86 0.5-0 83.40 OK
r-release-linux-x86_64 0.5-0 3.94 40.64 44.58 OK
r-release-macos-x86_64 0.5-0 OK
r-release-windows-ix86+x86_64 0.5-0 16.00 62.00 78.00 OK
r-oldrel-macos-x86_64 0.5-0 OK
r-oldrel-windows-ix86+x86_64 0.5-0 5.00 53.00 58.00 OK

Check Details

Version: 0.5-0
Check: Rd cross-references
Result: NOTE
    Undeclared package ‘mded’ in Rd xrefs
Flavor: r-devel-linux-x86_64-fedora-clang