CRAN Package Check Results for Package support.CEs

Last updated on 2022-09-28 21:51:51 CEST.

Flavor Version Tinstall Tcheck Ttotal Status Flags
r-devel-linux-x86_64-debian-clang 0.5-0 4.28 47.03 51.31 OK
r-devel-linux-x86_64-debian-gcc 0.5-0 3.11 36.58 39.69 OK
r-devel-linux-x86_64-fedora-clang 0.5-0 77.32 NOTE
r-devel-linux-x86_64-fedora-gcc 0.5-0 71.99 OK
r-devel-windows-x86_64 0.5-0 20.00 79.00 99.00 OK
r-patched-linux-x86_64 0.5-0 4.39 44.41 48.80 OK
r-release-linux-x86_64 0.5-0 4.10 45.69 49.79 OK
r-release-windows-x86_64 0.5-0 21.00 82.00 103.00 OK
r-oldrel-windows-ix86+x86_64 0.5-0 11.00 74.00 85.00 OK

Check Details

Version: 0.5-0
Check: Rd cross-references
Result: NOTE
    Undeclared package ‘mded’ in Rd xrefs
Flavor: r-devel-linux-x86_64-fedora-clang