CRAN Package Check Results for Package support.BWS2

Last updated on 2025-04-30 12:49:18 CEST.

Flavor Version Tinstall Tcheck Ttotal Status Flags
r-devel-linux-x86_64-debian-clang 0.4-0 2.59 25.58 28.17 NOTE
r-devel-linux-x86_64-debian-gcc 0.4-0 1.86 20.11 21.97 NOTE
r-devel-linux-x86_64-fedora-clang 0.4-0 43.70 OK
r-devel-linux-x86_64-fedora-gcc 0.4-0 42.42 OK
r-devel-windows-x86_64 0.4-0 3.00 53.00 56.00 OK
r-patched-linux-x86_64 0.4-0 2.65 24.92 27.57 OK
r-release-linux-x86_64 0.4-0 2.78 24.39 27.17 OK
r-release-macos-arm64 0.4-0 16.00 OK
r-release-macos-x86_64 0.4-0 28.00 OK
r-release-windows-x86_64 0.4-0 3.00 48.00 51.00 OK
r-oldrel-macos-arm64 0.4-0 16.00 OK
r-oldrel-macos-x86_64 0.4-0 23.00 OK
r-oldrel-windows-x86_64 0.4-0 6.00 49.00 55.00 OK

Check Details

Version: 0.4-0
Check: CRAN incoming feasibility
Result: NOTE Maintainer: ‘Hideo Aizaki <azk-r@spa.nifty.com>’ No Authors@R field in DESCRIPTION. Please add one, modifying Authors@R: person(given = "Hideo", family = "Aizaki", role = c("aut", "cre"), email = "azk-r@spa.nifty.com") as necessary. Package CITATION file contains call(s) to old-style citEntry(). Please use bibentry() instead. Flavors: r-devel-linux-x86_64-debian-clang, r-devel-linux-x86_64-debian-gcc