Last updated on 2023-06-09 12:58:29 CEST.
Flavor | Version | Tinstall | Tcheck | Ttotal | Status | Flags |
---|---|---|---|---|---|---|
r-devel-linux-x86_64-debian-clang | 2.0.0 | 2.44 | 204.70 | 207.14 | NOTE | |
r-devel-linux-x86_64-debian-gcc | 2.0.0 | 1.87 | 154.33 | 156.20 | NOTE | |
r-devel-linux-x86_64-fedora-clang | 2.0.0 | 248.92 | NOTE | |||
r-devel-linux-x86_64-fedora-gcc | 2.0.0 | 241.39 | NOTE | |||
r-devel-windows-x86_64 | 2.0.0 | 3.00 | 175.00 | 178.00 | NOTE | |
r-patched-linux-x86_64 | 2.0.0 | 2.25 | 193.29 | 195.54 | NOTE | |
r-release-linux-x86_64 | 2.0.0 | 2.47 | 193.21 | 195.68 | NOTE | |
r-release-macos-arm64 | 2.0.0 | 80.00 | NOTE | |||
r-release-macos-x86_64 | 2.0.0 | 145.00 | NOTE | |||
r-release-windows-x86_64 | 2.0.0 | 4.00 | 196.00 | 200.00 | NOTE | |
r-oldrel-macos-arm64 | 2.0.0 | 125.00 | NOTE | |||
r-oldrel-macos-x86_64 | 2.0.0 | 132.00 | NOTE | |||
r-oldrel-windows-x86_64 | 2.0.0 | 4.00 | 202.00 | 206.00 | NOTE |
Version: 2.0.0
Check: LazyData
Result: NOTE
'LazyData' is specified without a 'data' directory
Flavors: r-devel-linux-x86_64-debian-clang, r-devel-linux-x86_64-debian-gcc, r-devel-linux-x86_64-fedora-clang, r-devel-linux-x86_64-fedora-gcc, r-devel-windows-x86_64, r-patched-linux-x86_64, r-release-linux-x86_64, r-release-macos-arm64, r-release-macos-x86_64, r-release-windows-x86_64, r-oldrel-macos-arm64, r-oldrel-macos-x86_64, r-oldrel-windows-x86_64