Last updated on 2023-03-25 12:53:10 CET.
Flavor | Version | Tinstall | Tcheck | Ttotal | Status | Flags |
---|---|---|---|---|---|---|
r-devel-linux-x86_64-debian-clang | 0.1.0 | 3.75 | 173.22 | 176.97 | NOTE | |
r-devel-linux-x86_64-debian-gcc | 0.1.0 | 3.37 | 128.78 | 132.15 | NOTE | |
r-devel-linux-x86_64-fedora-clang | 0.1.0 | 229.04 | NOTE | |||
r-devel-linux-x86_64-fedora-gcc | 0.1.0 | 225.00 | NOTE | |||
r-patched-linux-x86_64 | 0.1.0 | 4.97 | 168.03 | 173.00 | NOTE | |
r-release-linux-x86_64 | 0.1.0 | 4.50 | 167.96 | 172.46 | NOTE | |
r-release-macos-arm64 | 0.1.0 | 46.00 | NOTE | |||
r-release-macos-x86_64 | 0.1.0 | 73.00 | NOTE | |||
r-release-windows-x86_64 | 0.1.0 | 8.00 | 188.00 | 196.00 | NOTE | |
r-oldrel-macos-arm64 | 0.1.0 | 56.00 | NOTE | |||
r-oldrel-macos-x86_64 | 0.1.0 | 83.00 | NOTE | |||
r-oldrel-windows-ix86+x86_64 | 0.1.0 | 9.00 | 206.00 | 215.00 | NOTE |
Version: 0.1.0
Check: LazyData
Result: NOTE
'LazyData' is specified without a 'data' directory
Flavors: r-devel-linux-x86_64-debian-clang, r-devel-linux-x86_64-debian-gcc, r-devel-linux-x86_64-fedora-clang, r-devel-linux-x86_64-fedora-gcc, r-patched-linux-x86_64, r-release-linux-x86_64, r-release-macos-arm64, r-release-macos-x86_64, r-release-windows-x86_64, r-oldrel-macos-arm64, r-oldrel-macos-x86_64, r-oldrel-windows-ix86+x86_64