CRAN Package Check Results for Package superdiag

Last updated on 2025-04-29 12:52:51 CEST.

Flavor Version Tinstall Tcheck Ttotal Status Flags
r-devel-linux-x86_64-debian-clang 2.0 2.80 22.02 24.82 NOTE
r-devel-linux-x86_64-debian-gcc 2.0 2.41 16.78 19.19 NOTE
r-devel-linux-x86_64-fedora-clang 2.0 39.80 OK
r-devel-linux-x86_64-fedora-gcc 2.0 37.32 OK
r-devel-windows-x86_64 2.0 3.00 116.00 119.00 OK
r-patched-linux-x86_64 2.0 3.29 21.03 24.32 OK
r-release-linux-x86_64 2.0 2.81 20.89 23.70 OK
r-release-macos-arm64 2.0 18.00 OK
r-release-macos-x86_64 2.0 28.00 OK
r-release-windows-x86_64 2.0 4.00 45.00 49.00 OK
r-oldrel-macos-arm64 2.0 22.00 OK
r-oldrel-macos-x86_64 2.0 24.00 OK
r-oldrel-windows-x86_64 2.0 4.00 45.00 49.00 OK

Check Details

Version: 2.0
Check: CRAN incoming feasibility
Result: NOTE Maintainer: ‘Le Bao <lbaole17@gmail.com>’ No Authors@R field in DESCRIPTION. Please add one, modifying Authors@R: c(person(family = "Le Bao", role = c("aut", "cre"), email = "lbaole17@gmail.com"), person(given = "Jeff", family = "Gill", role = "aut", email = "jgill@mac.com"), person(given = "Tsung-han", family = "Tsai", role = "aut", email = "thtsai@nccu.edu.tw"), person(given = "Jonathan", family = "Rapkin", role = "aut")) as necessary. Flavors: r-devel-linux-x86_64-debian-clang, r-devel-linux-x86_64-debian-gcc