Last updated on 2024-04-26 21:57:34 CEST.
Flavor | Version | Tinstall | Tcheck | Ttotal | Status | Flags |
---|---|---|---|---|---|---|
r-devel-linux-x86_64-debian-clang | 1.0.0 | 26.65 | 62.45 | 89.10 | NOTE | |
r-devel-linux-x86_64-debian-gcc | 1.0.0 | 19.98 | 46.45 | 66.43 | NOTE | |
r-devel-linux-x86_64-fedora-clang | 1.0.0 | 131.57 | NOTE | |||
r-devel-linux-x86_64-fedora-gcc | 1.0.0 | 110.59 | NOTE | |||
r-devel-windows-x86_64 | 1.0.0 | 24.00 | 68.00 | 92.00 | NOTE | |
r-patched-linux-x86_64 | 1.0.0 | 26.48 | 60.40 | 86.88 | OK | |
r-release-linux-x86_64 | 1.0.0 | 22.62 | 61.38 | 84.00 | OK | |
r-release-macos-arm64 | 1.0.0 | 37.00 | OK | |||
r-release-macos-x86_64 | 1.0.0 | 95.00 | OK | |||
r-release-windows-x86_64 | 1.0.0 | 24.00 | 71.00 | 95.00 | OK | |
r-oldrel-macos-arm64 | 1.0.0 | 42.00 | OK | |||
r-oldrel-macos-x86_64 | 1.0.0 | 87.00 | OK | |||
r-oldrel-windows-x86_64 | 1.0.0 | 28.00 | 100.00 | 128.00 | OK |
Version: 1.0.0
Check: compiled code
Result: NOTE
File ‘supercells/libs/supercells.so’:
Found non-API calls to R: ‘SETLENGTH’, ‘SET_TRUELENGTH’
Compiled code should not call non-API entry points in R.
See ‘Writing portable packages’ in the ‘Writing R Extensions’ manual.
Flavors: r-devel-linux-x86_64-debian-clang, r-devel-linux-x86_64-debian-gcc, r-devel-linux-x86_64-fedora-clang, r-devel-linux-x86_64-fedora-gcc
Version: 1.0.0
Check: compiled code
Result: NOTE
File 'supercells/libs/x64/supercells.dll':
Found non-API calls to R: 'SETLENGTH', 'SET_TRUELENGTH'
Compiled code should not call non-API entry points in R.
See 'Writing portable packages' in the 'Writing R Extensions' manual.
Flavor: r-devel-windows-x86_64