Last updated on 2024-04-30 12:52:09 CEST.
Flavor | Version | Tinstall | Tcheck | Ttotal | Status | Flags |
---|---|---|---|---|---|---|
r-devel-linux-x86_64-debian-clang | 0.2.6.2 | 37.46 | 294.70 | 332.16 | NOTE | |
r-devel-linux-x86_64-debian-gcc | 0.2.6.2 | 29.49 | 226.10 | 255.59 | NOTE | |
r-devel-linux-x86_64-fedora-clang | 0.2.6.2 | 451.43 | NOTE | |||
r-devel-linux-x86_64-fedora-gcc | 0.2.6.2 | 473.37 | NOTE | |||
r-devel-windows-x86_64 | 0.2.6.2 | 33.00 | 343.00 | 376.00 | NOTE | |
r-patched-linux-x86_64 | 0.2.6.2 | 39.79 | 315.61 | 355.40 | NOTE | |
r-release-linux-x86_64 | 0.2.6.2 | 35.97 | 323.93 | 359.90 | NOTE | |
r-release-macos-arm64 | 0.2.6.2 | 114.00 | NOTE | |||
r-release-windows-x86_64 | 0.2.6.2 | 34.00 | 335.00 | 369.00 | NOTE | |
r-oldrel-macos-arm64 | 0.2.6.2 | 143.00 | NOTE | |||
r-oldrel-macos-x86_64 | 0.2.6.2 | 262.00 | NOTE | |||
r-oldrel-windows-x86_64 | 0.2.6.2 | 31.00 | 486.00 | 517.00 | NOTE |
Version: 0.2.6.2
Check: C++ specification
Result: NOTE
Specified C++11: please drop specification unless essential
Flavors: r-devel-linux-x86_64-debian-clang, r-devel-linux-x86_64-debian-gcc, r-devel-linux-x86_64-fedora-clang, r-devel-linux-x86_64-fedora-gcc, r-devel-windows-x86_64, r-patched-linux-x86_64, r-release-linux-x86_64, r-release-macos-arm64, r-release-windows-x86_64, r-oldrel-macos-arm64, r-oldrel-macos-x86_64, r-oldrel-windows-x86_64
Version: 0.2.6.2
Check: Rd files
Result: NOTE
checkRd: (-1) plot.supc.Rd:13: Lost braces in \itemize; meant \describe ?
Flavors: r-devel-linux-x86_64-debian-clang, r-devel-linux-x86_64-debian-gcc, r-devel-linux-x86_64-fedora-clang, r-devel-linux-x86_64-fedora-gcc, r-devel-windows-x86_64, r-patched-linux-x86_64, r-release-linux-x86_64, r-release-macos-arm64, r-release-windows-x86_64