CRAN Package Check Results for Package sugarbag

Last updated on 2025-05-07 21:54:02 CEST.

Flavor Version Tinstall Tcheck Ttotal Status Flags
r-devel-linux-x86_64-debian-clang 0.1.6 7.42 94.08 101.50 NOTE
r-devel-linux-x86_64-debian-gcc 0.1.6 4.82 65.37 70.19 NOTE
r-devel-linux-x86_64-fedora-clang 0.1.6 164.13 NOTE
r-devel-linux-x86_64-fedora-gcc 0.1.6 158.80 NOTE
r-devel-windows-x86_64 0.1.6 8.00 99.00 107.00 NOTE
r-patched-linux-x86_64 0.1.6 7.27 85.32 92.59 NOTE
r-release-linux-x86_64 0.1.6 6.73 86.06 92.79 NOTE
r-release-macos-arm64 0.1.6 50.00 NOTE
r-release-macos-x86_64 0.1.6 102.00 NOTE
r-release-windows-x86_64 0.1.6 10.00 99.00 109.00 NOTE
r-oldrel-macos-arm64 0.1.6 51.00 NOTE
r-oldrel-macos-x86_64 0.1.6 76.00 NOTE
r-oldrel-windows-x86_64 0.1.6 11.00 124.00 135.00 NOTE

Additional issues

donttest

Check Details

Version: 0.1.6
Check: CRAN incoming feasibility
Result: NOTE Maintainer: ‘Dianne Cook <dicook@monash.edu>’ Package CITATION file contains call(s) to old-style citEntry(). Please use bibentry() instead. Flavors: r-devel-linux-x86_64-debian-clang, r-devel-linux-x86_64-debian-gcc

Version: 0.1.6
Check: Rd files
Result: NOTE checkRd: (-1) fp19.Rd:11: Lost braces in \itemize; meant \describe ? checkRd: (-1) fp19.Rd:12-13: Lost braces in \itemize; meant \describe ? checkRd: (-1) fp19.Rd:14: Lost braces in \itemize; meant \describe ? checkRd: (-1) fp19.Rd:15: Lost braces in \itemize; meant \describe ? checkRd: (-1) fp19.Rd:16: Lost braces in \itemize; meant \describe ? checkRd: (-1) fp19.Rd:17: Lost braces in \itemize; meant \describe ? checkRd: (-1) fp19.Rd:18: Lost braces in \itemize; meant \describe ? checkRd: (-1) fp19.Rd:19: Lost braces in \itemize; meant \describe ? checkRd: (-1) fp19.Rd:20: Lost braces in \itemize; meant \describe ? checkRd: (-1) fp19.Rd:21: Lost braces in \itemize; meant \describe ? checkRd: (-1) fp19.Rd:22: Lost braces in \itemize; meant \describe ? checkRd: (-1) fp19.Rd:23-24: Lost braces in \itemize; meant \describe ? checkRd: (-1) fp19.Rd:25: Lost braces in \itemize; meant \describe ? Flavors: r-devel-linux-x86_64-debian-clang, r-devel-linux-x86_64-debian-gcc, r-devel-linux-x86_64-fedora-clang, r-devel-linux-x86_64-fedora-gcc, r-devel-windows-x86_64, r-patched-linux-x86_64, r-release-linux-x86_64, r-release-macos-arm64, r-release-macos-x86_64, r-release-windows-x86_64, r-oldrel-macos-arm64, r-oldrel-macos-x86_64, r-oldrel-windows-x86_64