Last updated on 2023-03-22 12:54:03 CET.
Flavor | Version | Tinstall | Tcheck | Ttotal | Status | Flags |
---|---|---|---|---|---|---|
r-devel-linux-x86_64-debian-clang | 0.7.2 | 8.10 | 133.62 | 141.72 | OK | |
r-devel-linux-x86_64-debian-gcc | 0.7.2 | 6.03 | 98.97 | 105.00 | OK | |
r-devel-linux-x86_64-fedora-clang | 0.7.2 | 184.89 | NOTE | |||
r-devel-linux-x86_64-fedora-gcc | 0.7.2 | 171.75 | NOTE | |||
r-patched-linux-x86_64 | 0.7.2 | 8.84 | 127.02 | 135.86 | OK | |
r-release-linux-x86_64 | 0.7.2 | 7.07 | 124.62 | 131.69 | OK | |
r-release-macos-arm64 | 0.7.2 | 40.00 | OK | |||
r-release-macos-x86_64 | 0.7.2 | 75.00 | OK | |||
r-release-windows-x86_64 | 0.7.2 | 37.00 | 168.00 | 205.00 | OK | |
r-oldrel-macos-arm64 | 0.7.2 | 47.00 | OK | |||
r-oldrel-macos-x86_64 | 0.7.2 | 74.00 | OK | |||
r-oldrel-windows-ix86+x86_64 | 0.7.2 | 18.00 | 164.00 | 182.00 | OK |
Version: 0.7.2
Check: dependencies in R code
Result: NOTE
Namespace in Imports field not imported from: ‘cli’
All declared Imports should be used.
Flavors: r-devel-linux-x86_64-fedora-clang, r-devel-linux-x86_64-fedora-gcc