CRAN Package Check Results for Package suddengains

Last updated on 2020-08-12 21:49:59 CEST.

Flavor Version Tinstall Tcheck Ttotal Status Flags
r-devel-linux-x86_64-debian-clang 0.4.4 0.51 2.85 3.36 ERROR
r-devel-linux-x86_64-debian-gcc 0.4.4 5.69 85.72 91.41 OK
r-devel-linux-x86_64-fedora-clang 0.4.4 146.43 OK
r-devel-linux-x86_64-fedora-gcc 0.4.4 138.05 OK
r-devel-windows-ix86+x86_64 0.4.4 14.00 166.00 180.00 OK
r-patched-linux-x86_64 0.4.4 5.98 111.99 117.97 OK
r-patched-solaris-x86 0.4.4 152.50 WARN
r-release-linux-x86_64 0.4.4 0.65 2.68 3.33 ERROR
r-release-macos-x86_64 0.4.4 WARN
r-release-windows-ix86+x86_64 0.4.4 20.00 169.00 189.00 OK
r-oldrel-macos-x86_64 0.4.4 WARN
r-oldrel-windows-ix86+x86_64 0.4.4 10.00 130.00 140.00 OK

Check Details

Version: 0.4.4
Check: package dependencies
Result: ERROR
    Packages required but not available: 'tidyr', 'naniar'
    
    See section 'The DESCRIPTION file' in the 'Writing R Extensions'
    manual.
Flavors: r-devel-linux-x86_64-debian-clang, r-release-linux-x86_64

Version: 0.4.4
Check: re-building of vignette outputs
Result: WARN
    Error(s) in re-building vignettes:
     ...
    --- re-building ‘shinygains.Rmd’ using rmarkdown
    Warning in engine$weave(file, quiet = quiet, encoding = enc) :
     Pandoc (>= 1.12.3) and/or pandoc-citeproc not available. Falling back to R Markdown v1.
    --- finished re-building ‘shinygains.Rmd’
    
    --- re-building ‘suddengains-tutorial.Rmd’ using rmarkdown
    Warning in engine$weave(file, quiet = quiet, encoding = enc) :
     Pandoc (>= 1.12.3) and/or pandoc-citeproc not available. Falling back to R Markdown v1.
    Quitting from lines 472-479 (suddengains-tutorial.Rmd)
    Error: processing vignette 'suddengains-tutorial.Rmd' failed with diagnostics:
    there is no package called 'webshot'
    --- failed re-building ‘suddengains-tutorial.Rmd’
    
    SUMMARY: processing the following file failed:
     ‘suddengains-tutorial.Rmd’
    
    Error: Vignette re-building failed.
    Execution halted
Flavor: r-patched-solaris-x86

Version: 0.4.4
Check: re-building of vignette outputs
Result: WARN
    Error(s) in re-building vignettes:
     ...
    --- re-building ‘shinygains.Rmd’ using rmarkdown
    Warning in engine$weave(file, quiet = quiet, encoding = enc) :
     Pandoc (>= 1.12.3) and/or pandoc-citeproc not available. Falling back to R Markdown v1.
    --- finished re-building ‘shinygains.Rmd’
    
    --- re-building ‘suddengains-tutorial.Rmd’ using rmarkdown
    Warning in engine$weave(file, quiet = quiet, encoding = enc) :
     Pandoc (>= 1.12.3) and/or pandoc-citeproc not available. Falling back to R Markdown v1.
    Quitting from lines 472-479 (suddengains-tutorial.Rmd)
    Error: processing vignette 'suddengains-tutorial.Rmd' failed with diagnostics:
    cannot open the connection
    --- failed re-building ‘suddengains-tutorial.Rmd’
    
    SUMMARY: processing the following file failed:
     ‘suddengains-tutorial.Rmd’
    
    Error: Vignette re-building failed.
    Execution halted
Flavors: r-release-macos-x86_64, r-oldrel-macos-x86_64