CRAN Package Check Results for Package subsemble

Last updated on 2024-02-25 06:56:06 CET.

Flavor Version Tinstall Tcheck Ttotal Status Flags
r-devel-linux-x86_64-debian-clang 0.1.0 2.76 26.95 29.71 OK
r-devel-linux-x86_64-debian-gcc 0.1.0 2.28 21.49 23.77 OK
r-devel-linux-x86_64-fedora-clang 0.1.0 37.10 OK
r-devel-linux-x86_64-fedora-gcc 0.1.0 35.84 OK
r-devel-windows-x86_64 0.1.0 3.00 43.00 46.00 OK
r-patched-linux-x86_64 0.1.0 2.83 26.61 29.44 OK
r-release-linux-x86_64 0.1.0 2.60 26.67 29.27 OK
r-release-macos-arm64 0.1.0 20.00 OK
r-release-macos-x86_64 0.1.0 22.00 NOTE
r-release-windows-x86_64 0.1.0 4.00 46.00 50.00 OK
r-oldrel-macos-arm64 0.1.0 16.00 OK
r-oldrel-windows-x86_64 0.1.0 4.00 48.00 52.00 OK

Check Details

Version: 0.1.0
Check: package dependencies
Result: NOTE Packages suggested but not available for checking: 'arm', 'caret', 'party' Flavor: r-release-macos-x86_64