Last updated on 2024-03-28 06:53:04 CET.
Flavor | Version | Tinstall | Tcheck | Ttotal | Status | Flags |
---|---|---|---|---|---|---|
r-devel-linux-x86_64-debian-clang | 0.1.0 | 16.58 | 270.45 | 287.03 | OK | |
r-devel-linux-x86_64-debian-gcc | 0.1.0 | 13.24 | 208.41 | 221.65 | OK | |
r-devel-linux-x86_64-fedora-clang | 0.1.0 | 345.63 | OK | |||
r-devel-linux-x86_64-fedora-gcc | 0.1.0 | 372.00 | OK | |||
r-devel-windows-x86_64 | 0.1.0 | 13.00 | 233.00 | 246.00 | OK | |
r-patched-linux-x86_64 | 0.1.0 | 15.71 | 264.25 | 279.96 | OK | |
r-release-linux-x86_64 | 0.1.0 | 9.85 | 265.31 | 275.16 | OK | |
r-release-macos-arm64 | 0.1.0 | 103.00 | NOTE | |||
r-release-macos-x86_64 | 0.1.0 | 174.00 | NOTE | |||
r-release-windows-x86_64 | 0.1.0 | 19.00 | 288.00 | 307.00 | OK | |
r-oldrel-macos-arm64 | 0.1.0 | 86.00 | NOTE | |||
r-oldrel-windows-x86_64 | 0.1.0 | 21.00 | 293.00 | 314.00 | OK |
Version: 0.1.0
Check: installed package size
Result: NOTE
installed size is 5.1Mb
sub-directories of 1Mb or more:
data 3.1Mb
doc 1.3Mb
Flavors: r-release-macos-arm64, r-release-macos-x86_64, r-oldrel-macos-arm64