Last updated on 2025-04-30 12:49:18 CEST.
Flavor | Version | Tinstall | Tcheck | Ttotal | Status | Flags |
---|---|---|---|---|---|---|
r-devel-linux-x86_64-debian-clang | 0.10.2 | 7.35 | 73.22 | 80.57 | NOTE | |
r-devel-linux-x86_64-debian-gcc | 0.10.2 | 5.41 | 48.05 | 53.46 | NOTE | |
r-devel-linux-x86_64-fedora-clang | 0.10.2 | 132.44 | OK | |||
r-devel-linux-x86_64-fedora-gcc | 0.10.2 | 122.15 | OK | |||
r-devel-windows-x86_64 | 0.10.2 | 7.00 | 89.00 | 96.00 | OK | |
r-patched-linux-x86_64 | 0.10.2 | 7.68 | 70.95 | 78.63 | OK | |
r-release-linux-x86_64 | 0.10.2 | 7.82 | 69.09 | 76.91 | OK | |
r-release-macos-arm64 | 0.10.2 | 33.00 | OK | |||
r-release-macos-x86_64 | 0.10.2 | 66.00 | OK | |||
r-release-windows-x86_64 | 0.10.2 | 8.00 | 84.00 | 92.00 | OK | |
r-oldrel-macos-arm64 | 0.10.2 | 36.00 | OK | |||
r-oldrel-macos-x86_64 | 0.10.2 | 53.00 | OK | |||
r-oldrel-windows-x86_64 | 0.10.2 | 7.00 | 106.00 | 113.00 | OK |
Version: 0.10.2
Check: examples
Result: NOTE
Examples with CPU (user + system) or elapsed time > 5s
user system elapsed
kfold 8.890 0.041 11.137
crossvalidate 8.546 0.041 10.606
Flavor: r-devel-linux-x86_64-debian-clang
Version: 0.10.2
Check: examples
Result: NOTE
Examples with CPU (user + system) or elapsed time > 5s
user system elapsed
kfold 5.972 0.064 7.925
crossvalidate 4.964 0.022 5.764
Flavor: r-devel-linux-x86_64-debian-gcc