CRAN Package Check Results for Package strucchangeRcpp

Last updated on 2021-10-24 06:52:05 CEST.

Flavor Version Tinstall Tcheck Ttotal Status Flags
r-devel-linux-x86_64-debian-clang 1.5-3-1.0.3 97.56 89.17 186.73 OK
r-devel-linux-x86_64-debian-gcc 1.5-3-1.0.3 74.29 66.63 140.92 OK
r-devel-linux-x86_64-fedora-clang 1.5-3-1.0.3 277.15 OK
r-devel-linux-x86_64-fedora-gcc 1.5-3-1.0.3 243.72 OK
r-devel-windows-x86_64 1.5-3-1.0.3 133.00 96.00 229.00 OK
r-devel-windows-x86_64-gcc10-UCRT 1.5-3-1.0.3 OK
r-patched-linux-x86_64 1.5-3-1.0.3 92.88 86.94 179.82 OK
r-patched-solaris-x86 1.5-3-1.0.3 260.20 OK
r-release-linux-x86_64 1.5-3-1.0.3 88.80 88.24 177.04 OK
r-release-macos-arm64 1.5-3-1.0.3 NOTE
r-release-macos-x86_64 1.5-3-1.0.3 NOTE
r-release-windows-ix86+x86_64 1.5-3-1.0.3 183.00 173.00 356.00 OK
r-oldrel-macos-x86_64 1.5-3-1.0.3 NOTE
r-oldrel-windows-ix86+x86_64 1.5-3-1.0.3 252.00 156.00 408.00 OK

Check Details

Version: 1.5-3-1.0.3
Check: installed package size
Result: NOTE
     installed size is 6.2Mb
     sub-directories of 1Mb or more:
     libs 4.9Mb
Flavors: r-release-macos-arm64, r-release-macos-x86_64, r-oldrel-macos-x86_64