CRAN Package Check Results for Package strucchangeRcpp

Last updated on 2022-12-10 02:49:41 CET.

Flavor Version Tinstall Tcheck Ttotal Status Flags
r-devel-linux-x86_64-debian-clang 1.5-3-1.0.4 106.55 112.86 219.41 NOTE
r-devel-linux-x86_64-debian-gcc 1.5-3-1.0.4 82.57 90.26 172.83 NOTE
r-devel-linux-x86_64-fedora-clang 1.5-3-1.0.4 294.31 NOTE
r-devel-linux-x86_64-fedora-gcc 1.5-3-1.0.4 279.87 NOTE
r-devel-windows-x86_64 1.5-3-1.0.4 155.00 226.00 381.00 NOTE
r-patched-linux-x86_64 1.5-3-1.0.4 88.27 92.18 180.45 OK
r-release-linux-x86_64 1.5-3-1.0.4 89.07 95.31 184.38 OK
r-release-macos-arm64 1.5-3-1.0.4 64.00 NOTE
r-release-macos-x86_64 1.5-3-1.0.4 91.00 NOTE
r-release-windows-x86_64 1.5-3-1.0.4 178.00 173.00 351.00 OK
r-oldrel-macos-arm64 1.5-3-1.0.4 105.00 NOTE
r-oldrel-macos-x86_64 1.5-3-1.0.4 88.00 NOTE
r-oldrel-windows-ix86+x86_64 1.5-3-1.0.4 246.00 162.00 408.00 OK

Check Details

Version: 1.5-3-1.0.4
Check: Rd files
Result: NOTE
    checkRd: (-1) SP2001.Rd:3: Escaped LaTeX specials: \&
    checkRd: (-1) SP2001.Rd:5: Escaped LaTeX specials: \&
    checkRd: (-1) SP2001.Rd:12: Escaped LaTeX specials: \&
Flavors: r-devel-linux-x86_64-debian-clang, r-devel-linux-x86_64-debian-gcc, r-devel-linux-x86_64-fedora-clang, r-devel-linux-x86_64-fedora-gcc, r-devel-windows-x86_64

Version: 1.5-3-1.0.4
Check: installed package size
Result: NOTE
     installed size is 5.6Mb
     sub-directories of 1Mb or more:
     libs 4.2Mb
Flavors: r-release-macos-arm64, r-release-macos-x86_64, r-oldrel-macos-arm64, r-oldrel-macos-x86_64